{"id":4487,"date":"2024-11-27T15:32:30","date_gmt":"2024-11-27T14:32:30","guid":{"rendered":"https:\/\/www.contiva-berufsperspektiven.ch\/?page_id=4487"},"modified":"2025-04-03T13:23:12","modified_gmt":"2025-04-03T11:23:12","slug":"jobfam","status":"publish","type":"page","link":"https:\/\/www.contiva-berufsperspektiven.ch\/en\/sozialhilfe\/jobfam\/","title":{"rendered":"JobFam"},"content":{"rendered":"<div class='breakdance'><div class=\"bde-globalblock-4487-100 bde-globalblock\"><div class='breakdance'><section class=\"bde-section-3672-104-3672-1 bde-section no-animation bde-section-3672-104\">\n  \n  \n\t\n\n\n\n<div class=\"section-container\"><div class=\"bde-breadcrumbs-3672-106-3672-1 bde-breadcrumbs bde-breadcrumbs-3672-106\"><nav aria-label=\"breadcrumbs\" class=\"rank-math-breadcrumb\"><p><span class=\"last\">CONTIVA<\/span><\/p><\/nav><\/div><\/div>\n<\/section><section class=\"bde-section-3672-101-3672-1 bde-section no-animation bde-section-3672-101\">\n  \n  \n\t\n\n\n\n<div class=\"section-container\"><h1 class=\"bde-heading-3672-102-3672-1 bde-heading bde-heading-3672-102\">\nJobFam\n<\/h1><div class=\"bde-text-3672-103-3672-1 bde-text bde-text-3672-103\">\n\n<\/div><\/div>\n<\/section><\/div><\/div><section class=\"bde-section-4487-101 bde-section bde-preset-a757da71-4efb-4b7c-ac36-4af124f53d48\">\n  \n  \n\t\n\n\n\n<div class=\"section-container\"><div class=\"bde-div-4487-102 bde-div\">\n  \n  \n\t\n\n\n\n<h3 class=\"bde-heading-4487-103 bde-heading\">\nJobFam Coaching\n<\/h3><div class=\"bde-rich-text-4487-104 bde-rich-text breakdance-rich-text-styles\">\n<p><strong>Participants<\/strong><br \/>Welfare recipients in whose professional integration the double burden of job and family plays a decisive role.<\/p><p><strong>Prerequisites<\/strong><br \/>Participants can read and write German. Childcare is guaranteed or organised during the course of the project.<\/p><p><strong>Programme objectives<\/strong><br \/>The aim is to identify potential for the primary labour market and to plan, carry out and evaluate a four-week work placement. The next steps are defined and implemented, e.g. internships or job searches.<\/p><p><strong>Programme schedule<\/strong><br \/>Total duration: 6 months<br \/>Three-phase model, consisting of a mix of group meetings + pure coaching + work assignment. See programme description for details.<\/p><p><strong>Contact us<\/strong><br \/>Sabina Cannarozzo<br \/>+41 61 339 90 03<br \/>+41 79 627 51 82<br \/><a href=\"mailto:s.felber@contiva-berufsperspektiven.ch\">s.cannarozzo@contiva-berufsperspektiven.ch<\/a><\/p>\n<\/div><div class=\"bde-div-4487-105 bde-div bde-preset-4d0b34c7-4d84-489f-bb13-f8ff907d8258\">\n  \n  \n\t\n\n\n\n<div class=\"bde-button-4487-106 bde-button\">\n    \n                                    \n    \n    \n    \n    \n            \n                    \n            \n            \n\n    \n    \n    \n    \n    \n    <a class=\"breakdance-link button-atom button-atom--primary bde-button__button\" href=\"https:\/\/www.contiva-berufsperspektiven.ch\/wp-content\/uploads\/2025\/04\/JobFam-Coaching-Konzept-BL_neu2025.pdf\" target=\"_self\" data-type=\"url\"  >\n\n    \n        <span class=\"button-atom__text\">JobFam Coaching Basel-Land<\/span>\n\n        \n        \n                <\/a>\n\n    \n\n\n<\/div>\n<\/div><div class=\"bde-div-4487-107 bde-div bde-preset-4d0b34c7-4d84-489f-bb13-f8ff907d8258\">\n  \n  \n\t\n\n\n\n<div class=\"bde-button-4487-108 bde-button\">\n    \n                                    \n    \n    \n    \n    \n            \n                    \n            \n            \n\n    \n    \n    \n    \n    \n    <a class=\"breakdance-link button-atom button-atom--primary bde-button__button\" href=\"https:\/\/www.contiva-berufsperspektiven.ch\/wp-content\/uploads\/2024\/03\/JobFam-Coaching-Kurzbeschrieb-BS-1.pdf\" target=\"_blank\" data-type=\"url\"  >\n\n    \n        <span class=\"button-atom__text\">JobFam Coaching Basel-Stadt<\/span>\n\n        \n        \n                <\/a>\n\n    \n\n\n<\/div>\n<\/div>\n<\/div><\/div>\n<\/section><\/div>","protected":false},"excerpt":{"rendered":"<p>CONTIVA JobFam JobFam Coaching TeilnehmendeSozialhilfeempfangende, bei deren beruflicher Integration die Doppelbelastung Job+Familie eine entscheidende Rolle spielt.VoraussetzungenDie Teilnehmenden k\u00f6nnen Deutsch lesen und schreiben. Die Kinderbetreuung ist gew\u00e4hrleistet oder im Verlauf des Projekts bewerkstelligt.ProgrammzieleEs geht darum, das Potenzial f\u00fcr den ersten Arbeitsmarkt zu erkennen und einen vierw\u00f6chigen Arbeitseinsatz zu planen, zu leisten und diesen auszuwerten. Die Folgeschritte [&hellip;]<\/p>\n","protected":false},"author":34,"featured_media":0,"parent":896,"menu_order":0,"comment_status":"closed","ping_status":"closed","template":"","meta":{"_acf_changed":false,"_breakdance_hide_in_design_set":false,"_breakdance_tags":"","iawp_total_views":173,"footnotes":""},"class_list":["post-4487","page","type-page","status-publish","hentry"],"acf":[],"_links":{"self":[{"href":"https:\/\/www.contiva-berufsperspektiven.ch\/en\/wp-json\/wp\/v2\/pages\/4487","targetHints":{"allow":["GET"]}}],"collection":[{"href":"https:\/\/www.contiva-berufsperspektiven.ch\/en\/wp-json\/wp\/v2\/pages"}],"about":[{"href":"https:\/\/www.contiva-berufsperspektiven.ch\/en\/wp-json\/wp\/v2\/types\/page"}],"author":[{"embeddable":true,"href":"https:\/\/www.contiva-berufsperspektiven.ch\/en\/wp-json\/wp\/v2\/users\/34"}],"replies":[{"embeddable":true,"href":"https:\/\/www.contiva-berufsperspektiven.ch\/en\/wp-json\/wp\/v2\/comments?post=4487"}],"version-history":[{"count":5,"href":"https:\/\/www.contiva-berufsperspektiven.ch\/en\/wp-json\/wp\/v2\/pages\/4487\/revisions"}],"predecessor-version":[{"id":4914,"href":"https:\/\/www.contiva-berufsperspektiven.ch\/en\/wp-json\/wp\/v2\/pages\/4487\/revisions\/4914"}],"up":[{"embeddable":true,"href":"https:\/\/www.contiva-berufsperspektiven.ch\/en\/wp-json\/wp\/v2\/pages\/896"}],"wp:attachment":[{"href":"https:\/\/www.contiva-berufsperspektiven.ch\/en\/wp-json\/wp\/v2\/media?parent=4487"}],"curies":[{"name":"wp","href":"https:\/\/api.w.org\/{rel}","templated":true}]}}

<p>CONTIVA JobFam JobFam Coaching TeilnehmendeSozialhilfeempfangende, bei deren beruflicher Integration die Doppelbelastung Job+Familie eine entscheidende Rolle spielt.VoraussetzungenDie Teilnehmenden können Deutsch lesen und schreiben. Die Kinderbetreuung ist gewährleistet oder im Verlauf des Projekts bewerkstelligt.ProgrammzieleEs geht darum, das Potenzial für den ersten Arbeitsmarkt zu erkennen und einen vierwöchigen Arbeitseinsatz zu planen, zu leisten und diesen auszuwerten. Die Folgeschritte [&hellip;]</p>
