{"id":272,"date":"2023-04-27T18:51:48","date_gmt":"2023-04-27T16:51:48","guid":{"rendered":"https:\/\/www.contiva-berufsperspektiven.ch\/?page_id=272"},"modified":"2026-04-10T10:59:07","modified_gmt":"2026-04-10T08:59:07","slug":"instituciones","status":"publish","type":"page","link":"https:\/\/www.contiva-berufsperspektiven.ch\/es\/institutionen\/","title":{"rendered":"AWA \/ JOBWAY"},"content":{"rendered":"<div class='breakdance'><div class=\"bde-globalblock-272-100 bde-globalblock\"><div class='breakdance'><section class=\"bde-section-3672-104-3672-1 bde-section no-animation bde-section-3672-104\">\n  \n  \n\t\n\n\n\n<div class=\"section-container\"><div class=\"bde-breadcrumbs-3672-106-3672-1 bde-breadcrumbs bde-breadcrumbs-3672-106\"><nav aria-label=\"pan rallado\" class=\"rank-math-breadcrumb\"><p><span class=\"last\">CONTIVA<\/span><\/p><\/nav><\/div><\/div>\n<\/section><section class=\"bde-section-3672-101-3672-1 bde-section no-animation bde-section-3672-101\">\n  \n  \n\t\n\n\n\n<div class=\"section-container\"><h1 class=\"bde-heading-3672-102-3672-1 bde-heading bde-heading-3672-102\">\nCursos y formaci\u00f3n para la Oficina de Econom\u00eda y Trabajo (AWA)\n<\/h1><div class=\"bde-text-3672-103-3672-1 bde-text bde-text-3672-103\">\n<p>Desde la fundaci\u00f3n de la asociaci\u00f3n, Contiva desarrolla y realiza ofertas personalizadas para la AWA, que nos remite a los demandantes de empleo. Dependiendo de las necesidades, los programas son una mezcla de apoyo individual y cursos en grupo, y duran entre una semana y varios meses.<\/p>\n\n<\/div><\/div>\n<\/section><\/div><\/div><section class=\"bde-section-272-101 bde-section bde-preset-84a15dde-f849-469d-bf93-8fff4095fba1\">\n  \n  \n\t\n\n\n\n<div class=\"section-container\"><div class=\"bde-columns-272-103 bde-columns\"><div class=\"bde-column-272-104 bde-column\">\n  \n  \n\t\n\n\n\n<h2 class=\"bde-heading-272-106 bde-heading\">\nAWA BS\n<\/h2><div class=\"bde-text-272-107 bde-text\">\nAdem\u00e1s de JOBWAY, llevamos a cabo programas para hablantes de lenguas extranjeras (WSI) y el taller de solicitud de empleo para trabajadores temporales (VBBW) para la Oficina de Econom\u00eda y Trabajo de Basilea-Stadt (AWA BS).\n<\/div><div class=\"bde-div-272-108 bde-div bde-preset-4d0b34c7-4d84-489f-bb13-f8ff907d8258\">\n  \n  \n\t\n\n\n\n<div class=\"bde-button-272-109 bde-button\">\n    \n                                    \n    \n    \n    \n    \n            \n                    \n            \n            \n\n    \n    \n    \n    \n    \n    <a class=\"breakdance-link button-atom button-atom--primary bde-button__button\" href=\"https:\/\/www.contiva-berufsperspektiven.ch\/es\/awa-bs\/\" target=\"_self\" data-type=\"url\"  >\n\n    \n        <span class=\"button-atom__text\">AWA BS<\/span>\n\n        \n        \n                <\/a>\n\n    \n\n\n<\/div>\n<\/div>\n<\/div><div class=\"bde-column-272-110 bde-column\">\n  \n  \n\t\n\n\n\n<h2 class=\"bde-heading-272-111 bde-heading\">\nJOBWAY (AWA BS)\n<\/h2><div class=\"bde-text-272-112 bde-text\">\nContiva apoya a los solicitantes de empleo de habla alemana asignados por la AWA BS en el proceso de solicitud con el programa modular JOBWAY. Los clientes asisten a m\u00f3dulos de cursos o asesoramiento seg\u00fan sus necesidades individuales.<br>\n<\/div><div class=\"bde-div-272-113 bde-div bde-preset-4d0b34c7-4d84-489f-bb13-f8ff907d8258\">\n  \n  \n\t\n\n\n\n<div class=\"bde-button-272-114 bde-button\">\n    \n                                    \n    \n    \n    \n    \n            \n                    \n            \n            \n\n    \n    \n    \n    \n    \n    <a class=\"breakdance-link button-atom button-atom--primary bde-button__button\" href=\"https:\/\/www.contiva-berufsperspektiven.ch\/es\/jobway-awa-bs\/\" target=\"_self\" data-type=\"url\"  >\n\n    \n        <span class=\"button-atom__text\">JOBWAY<\/span>\n\n        \n        \n                <\/a>\n\n    \n\n\n<\/div>\n<\/div>\n<\/div><\/div><\/div>\n<\/section><section class=\"bde-section-272-148 bde-section bde-preset-a757da71-4efb-4b7c-ac36-4af124f53d48\">\n  \n  \n\t\n\n\n\n<div class=\"section-container\"><h2 class=\"bde-heading-272-149 bde-heading\">\nImpresiones de la vida cotidiana\n<\/h2><div class=\"bde-gallery-272-150 bde-gallery bde-preset-dd3fdb87-39ea-4ae9-ae79-def847691d29\">\n\n\n  \n\n\n\n\n\n\n\n  \n\n  <div class=\"ee-gallery-swiper breakdance-swiper-wrapper\" data-swiper-id=\"150\">\n    <div class=\"swiper\">\n\n<div class=\"ee-gallery ee-gallery--gallery-slider ee-gallery--slider ee-gallery--single ee-gallery--lightbox ee-gallery-- ee-gallery--caption- ee-gallery--caption-none ee-gallery--ratio swiper-wrapper\">\n                  \n      <a class=\"ee-gallery-item ee-gallery-item--image ee-gallery-item--single swiper-slide\" href=\"https:\/\/www.contiva-berufsperspektiven.ch\/wp-content\/uploads\/2023\/06\/DSC_4146-.jpg\"  data-sub-html=\"<span>Content Bild PC-Werkstatt<\/span>\" data-category=\"1\"                  data-lg-size=\"1000-667\"\n\n      >\n        <figure class=\"ee-gallery-item-figure\">\n                        <img loading=\"lazy\" decoding=\"async\" class=\"breakdance-image-object\" src=\"https:\/\/www.contiva-berufsperspektiven.ch\/wp-content\/uploads\/2023\/06\/DSC_4146-.jpg\" width=\"1000\" height=\"667\" srcset=\"https:\/\/www.contiva-berufsperspektiven.ch\/wp-content\/uploads\/2023\/06\/DSC_4146-.jpg 1000w, https:\/\/www.contiva-berufsperspektiven.ch\/wp-content\/uploads\/2023\/06\/DSC_4146--300x200.jpg 300w, https:\/\/www.contiva-berufsperspektiven.ch\/wp-content\/uploads\/2023\/06\/DSC_4146--768x512.jpg 768w, https:\/\/www.contiva-berufsperspektiven.ch\/wp-content\/uploads\/2023\/06\/DSC_4146--600x400.jpg 600w, https:\/\/www.contiva-berufsperspektiven.ch\/wp-content\/uploads\/2023\/06\/DSC_4146--420x280.jpg 420w, https:\/\/www.contiva-berufsperspektiven.ch\/wp-content\/uploads\/2023\/06\/DSC_4146--180x120.jpg 180w\" sizes=\"auto, (max-width: 1000px) 100vw, 1000px\" alt=\"Contenido Imagen que muestra a un instructor de un curso explicando algo a dos participantes en un PC.\">\n          \n                  <\/figure>\n      <\/a>\n\n                \n      <a class=\"ee-gallery-item ee-gallery-item--image ee-gallery-item--single swiper-slide\" href=\"https:\/\/www.contiva-berufsperspektiven.ch\/wp-content\/uploads\/2023\/06\/DSC_4640-.jpg\"  data-sub-html=\"<span>Content Bild eines Coaching Gespr\u00e4chs<\/span>\" data-category=\"1\"                  data-lg-size=\"1000-667\"\n\n      >\n        <figure class=\"ee-gallery-item-figure\">\n                        <img loading=\"lazy\" decoding=\"async\" class=\"breakdance-image-object\" src=\"https:\/\/www.contiva-berufsperspektiven.ch\/wp-content\/uploads\/2023\/06\/DSC_4640-.jpg\" width=\"1000\" height=\"667\" srcset=\"https:\/\/www.contiva-berufsperspektiven.ch\/wp-content\/uploads\/2023\/06\/DSC_4640-.jpg 1000w, https:\/\/www.contiva-berufsperspektiven.ch\/wp-content\/uploads\/2023\/06\/DSC_4640--300x200.jpg 300w, https:\/\/www.contiva-berufsperspektiven.ch\/wp-content\/uploads\/2023\/06\/DSC_4640--768x512.jpg 768w, https:\/\/www.contiva-berufsperspektiven.ch\/wp-content\/uploads\/2023\/06\/DSC_4640--600x400.jpg 600w, https:\/\/www.contiva-berufsperspektiven.ch\/wp-content\/uploads\/2023\/06\/DSC_4640--420x280.jpg 420w, https:\/\/www.contiva-berufsperspektiven.ch\/wp-content\/uploads\/2023\/06\/DSC_4640--180x120.jpg 180w\" sizes=\"auto, (max-width: 1000px) 100vw, 1000px\" alt=\"Contenido Imagen que muestra a un coach manteniendo una conversaci\u00f3n con un coachee en una mesa de la oficina.\">\n          \n                  <\/figure>\n      <\/a>\n\n                \n      <a class=\"ee-gallery-item ee-gallery-item--image ee-gallery-item--single swiper-slide\" href=\"https:\/\/www.contiva-berufsperspektiven.ch\/wp-content\/uploads\/2023\/06\/DSC_4570-.jpg\"  data-sub-html=\"<span>Job Club - Basel\u00a9 Friedel Ammann - Basel<\/span>\" data-category=\"1\"                  data-lg-size=\"1000-667\"\n\n      >\n        <figure class=\"ee-gallery-item-figure\">\n                        <img loading=\"lazy\" decoding=\"async\" class=\"breakdance-image-object\" src=\"https:\/\/www.contiva-berufsperspektiven.ch\/wp-content\/uploads\/2023\/06\/DSC_4570-.jpg\" width=\"1000\" height=\"667\" srcset=\"https:\/\/www.contiva-berufsperspektiven.ch\/wp-content\/uploads\/2023\/06\/DSC_4570-.jpg 1000w, https:\/\/www.contiva-berufsperspektiven.ch\/wp-content\/uploads\/2023\/06\/DSC_4570--300x200.jpg 300w, https:\/\/www.contiva-berufsperspektiven.ch\/wp-content\/uploads\/2023\/06\/DSC_4570--768x512.jpg 768w, https:\/\/www.contiva-berufsperspektiven.ch\/wp-content\/uploads\/2023\/06\/DSC_4570--600x400.jpg 600w, https:\/\/www.contiva-berufsperspektiven.ch\/wp-content\/uploads\/2023\/06\/DSC_4570--420x280.jpg 420w, https:\/\/www.contiva-berufsperspektiven.ch\/wp-content\/uploads\/2023\/06\/DSC_4570--180x120.jpg 180w\" sizes=\"auto, (max-width: 1000px) 100vw, 1000px\" alt=\"Contenido Imagen que muestra a un coach sentado a una mesa en una oficina con un coachee y manteniendo una conversaci\u00f3n. El coach tiene un bol\u00edgrafo en la mano y est\u00e1 mostrando al coachee algo en un documento.\">\n          \n                  <\/figure>\n      <\/a>\n\n      \n  <\/div>\n\n    <\/div>\n                <div class=\"swiper-button-prev\">\n            \n        <\/div>\n        <div class=\"swiper-button-next\">\n            \n        <\/div>\n    \n            <div class=\"swiper-pagination\"><\/div>\n    \n  <\/div>\n\n\n<\/div><\/div>\n<\/section><section class=\"bde-section-272-155 bde-section bde-preset-180816e0-104b-46d4-8440-248496f2d4d2\">\n              \n  \n  \n\t\n\n\n\n<div class=\"section-container\"><div class=\"bde-columns-272-156 bde-columns\"><div class=\"bde-column-272-157 bde-column\">\n  \n  \n\t\n\n\n\n<h2 class=\"bde-heading-272-158 bde-heading\">\n\u00bfPreguntas?\n<\/h2>\n<\/div><div class=\"bde-column-272-159 bde-column\">\n  \n  \n\t\n\n\n\n<div class=\"bde-text-272-160 bde-text\">\nSi tiene alguna duda, p\u00f3ngase directamente en contacto con nosotros.\n<\/div><div class=\"bde-div-272-161 bde-div bde-preset-4d0b34c7-4d84-489f-bb13-f8ff907d8258\">\n  \n  \n\t\n\n\n\n<div class=\"bde-button-272-162 bde-button\">\n    \n                                    \n    \n    \n    \n    \n            \n                    \n            \n            \n\n    \n    \n    \n    \n    \n    <a class=\"breakdance-link button-atom button-atom--primary bde-button__button\" href=\"mailto:info@contiva-berufsperspektiven.ch\" target=\"_self\" data-type=\"url\"  >\n\n    \n        <span class=\"button-atom__text\">P\u00f3ngase en contacto con nosotros<\/span>\n\n        \n        \n                <\/a>\n\n    \n\n\n<\/div>\n<\/div>\n<\/div><\/div><\/div>\n<\/section><\/div>","protected":false},"excerpt":{"rendered":"<p>CONTIVA Kurse und Coaching f\u00fcr das Amt f\u00fcr Wirtschaft und Arbeit (AWA) Seit Vereinsgr\u00fcndung entwickelt und realisiert Contiva massgeschneiderte Angebote f\u00fcr das AWA, das uns Stellensuchende zuweist. Die Angebote sind je nach Bedarf ein Mix aus Einzelbegleitung und Gruppenkursen und dauern zwischen einer Woche bis zu mehreren Monaten. AWA BS F\u00fcr das Amt f\u00fcr Wirtschaft [&hellip;]<\/p>\n","protected":false},"author":5,"featured_media":0,"parent":0,"menu_order":0,"comment_status":"closed","ping_status":"closed","template":"","meta":{"_acf_changed":false,"_breakdance_hide_in_design_set":false,"_breakdance_tags":"","iawp_total_views":1389,"footnotes":""},"class_list":["post-272","page","type-page","status-publish","hentry"],"acf":[],"_links":{"self":[{"href":"https:\/\/www.contiva-berufsperspektiven.ch\/es\/wp-json\/wp\/v2\/pages\/272","targetHints":{"allow":["GET"]}}],"collection":[{"href":"https:\/\/www.contiva-berufsperspektiven.ch\/es\/wp-json\/wp\/v2\/pages"}],"about":[{"href":"https:\/\/www.contiva-berufsperspektiven.ch\/es\/wp-json\/wp\/v2\/types\/page"}],"author":[{"embeddable":true,"href":"https:\/\/www.contiva-berufsperspektiven.ch\/es\/wp-json\/wp\/v2\/users\/5"}],"replies":[{"embeddable":true,"href":"https:\/\/www.contiva-berufsperspektiven.ch\/es\/wp-json\/wp\/v2\/comments?post=272"}],"version-history":[{"count":19,"href":"https:\/\/www.contiva-berufsperspektiven.ch\/es\/wp-json\/wp\/v2\/pages\/272\/revisions"}],"predecessor-version":[{"id":5347,"href":"https:\/\/www.contiva-berufsperspektiven.ch\/es\/wp-json\/wp\/v2\/pages\/272\/revisions\/5347"}],"wp:attachment":[{"href":"https:\/\/www.contiva-berufsperspektiven.ch\/es\/wp-json\/wp\/v2\/media?parent=272"}],"curies":[{"name":"wp","href":"https:\/\/api.w.org\/{rel}","templated":true}]}}

<div class='breakdance'><div class="bde-globalblock-272-100 bde-globalblock"><div class='breakdance'><section class="bde-section-3672-104-3672-1 bde-section no-animation bde-section-3672-104">
  
  
	



<div class="section-container"><div class="bde-breadcrumbs-3672-106-3672-1 bde-breadcrumbs bde-breadcrumbs-3672-106"><nav aria-label="pan rallado" class="rank-math-breadcrumb"><p><span class="last">CONTIVA</span></p></nav></div></div>
</section><section class="bde-section-3672-101-3672-1 bde-section no-animation bde-section-3672-101">
  
  
	



<div class="section-container"><h1 class="bde-heading-3672-102-3672-1 bde-heading bde-heading-3672-102">
Cursos y formación para la Oficina de Economía y Trabajo (AWA)
</h1><div class="bde-text-3672-103-3672-1 bde-text bde-text-3672-103">
<p>Desde la fundación de la asociación, Contiva desarrolla y realiza ofertas personalizadas para la AWA, que nos remite a los demandantes de empleo. Dependiendo de las necesidades, los programas son una mezcla de apoyo individual y cursos en grupo, y duran entre una semana y varios meses.</p>

</div></div>
</section></div></div><section class="bde-section-272-101 bde-section bde-preset-84a15dde-f849-469d-bf93-8fff4095fba1">
  
  
	



<div class="section-container"><div class="bde-columns-272-103 bde-columns"><div class="bde-column-272-104 bde-column">
  
  
	



<h2 class="bde-heading-272-106 bde-heading">
AWA BS
</h2><div class="bde-text-272-107 bde-text">
Además de JOBWAY, llevamos a cabo programas para hablantes de lenguas extranjeras (WSI) y el taller de solicitud de empleo para trabajadores temporales (VBBW) para la Oficina de Economía y Trabajo de Basilea-Stadt (AWA BS).
</div><div class="bde-div-272-108 bde-div bde-preset-4d0b34c7-4d84-489f-bb13-f8ff907d8258">
  
  
	



<div class="bde-button-272-109 bde-button">
    
                                    
    
    
    
    
            
                    
            
            

    
    
    
    
    
    <a class="breakdance-link button-atom button-atom--primary bde-button__button" href="https://www.contiva-berufsperspektiven.ch/es/awa-bs/" target="_self" data-type="url"  >

    
        <span class="button-atom__text">AWA BS</span>

        
        
                </a>

    


</div>
</div>
</div><div class="bde-column-272-110 bde-column">
  
  
	



<h2 class="bde-heading-272-111 bde-heading">
JOBWAY (AWA BS)
</h2><div class="bde-text-272-112 bde-text">
Contiva apoya a los solicitantes de empleo de habla alemana asignados por la AWA BS en el proceso de solicitud con el programa modular JOBWAY. Los clientes asisten a módulos de cursos o asesoramiento según sus necesidades individuales.<br>
</div><div class="bde-div-272-113 bde-div bde-preset-4d0b34c7-4d84-489f-bb13-f8ff907d8258">
  
  
	



<div class="bde-button-272-114 bde-button">
    
                                    
    
    
    
    
            
                    
            
            

    
    
    
    
    
    <a class="breakdance-link button-atom button-atom--primary bde-button__button" href="https://www.contiva-berufsperspektiven.ch/es/jobway-awa-bs/" target="_self" data-type="url"  >

    
        <span class="button-atom__text">JOBWAY</span>

        
        
                </a>

    


</div>
</div>
</div></div></div>
</section><section class="bde-section-272-148 bde-section bde-preset-a757da71-4efb-4b7c-ac36-4af124f53d48">
  
  
	



<div class="section-container"><h2 class="bde-heading-272-149 bde-heading">
Impresiones de la vida cotidiana
</h2><div class="bde-gallery-272-150 bde-gallery bde-preset-dd3fdb87-39ea-4ae9-ae79-def847691d29">


  







  

  <div class="ee-gallery-swiper breakdance-swiper-wrapper" data-swiper-id="150">
    <div class="swiper">

<div class="ee-gallery ee-gallery--gallery-slider ee-gallery--slider ee-gallery--single ee-gallery--lightbox ee-gallery-- ee-gallery--caption- ee-gallery--caption-none ee-gallery--ratio swiper-wrapper">
                  
      <a class="ee-gallery-item ee-gallery-item--image ee-gallery-item--single swiper-slide" href="https://www.contiva-berufsperspektiven.ch/wp-content/uploads/2023/06/DSC_4146-.jpg"  data-sub-html="<span>Content Bild PC-Werkstatt</span>" data-category="1"                  data-lg-size="1000-667"

      >
        <figure class="ee-gallery-item-figure">
                        <img loading="lazy" decoding="async" class="breakdance-image-object" src="https://www.contiva-berufsperspektiven.ch/wp-content/uploads/2023/06/DSC_4146-.jpg" width="1000" height="667" srcset="https://www.contiva-berufsperspektiven.ch/wp-content/uploads/2023/06/DSC_4146-.jpg 1000w, https://www.contiva-berufsperspektiven.ch/wp-content/uploads/2023/06/DSC_4146--300x200.jpg 300w, https://www.contiva-berufsperspektiven.ch/wp-content/uploads/2023/06/DSC_4146--768x512.jpg 768w, https://www.contiva-berufsperspektiven.ch/wp-content/uploads/2023/06/DSC_4146--600x400.jpg 600w, https://www.contiva-berufsperspektiven.ch/wp-content/uploads/2023/06/DSC_4146--420x280.jpg 420w, https://www.contiva-berufsperspektiven.ch/wp-content/uploads/2023/06/DSC_4146--180x120.jpg 180w" sizes="auto, (max-width: 1000px) 100vw, 1000px" alt="Contenido Imagen que muestra a un instructor de un curso explicando algo a dos participantes en un PC.">
          
                  </figure>
      </a>

                
      <a class="ee-gallery-item ee-gallery-item--image ee-gallery-item--single swiper-slide" href="https://www.contiva-berufsperspektiven.ch/wp-content/uploads/2023/06/DSC_4640-.jpg"  data-sub-html="<span>Content Bild eines Coaching Gesprächs</span>" data-category="1"                  data-lg-size="1000-667"

      >
        <figure class="ee-gallery-item-figure">
                        <img loading="lazy" decoding="async" class="breakdance-image-object" src="https://www.contiva-berufsperspektiven.ch/wp-content/uploads/2023/06/DSC_4640-.jpg" width="1000" height="667" srcset="https://www.contiva-berufsperspektiven.ch/wp-content/uploads/2023/06/DSC_4640-.jpg 1000w, https://www.contiva-berufsperspektiven.ch/wp-content/uploads/2023/06/DSC_4640--300x200.jpg 300w, https://www.contiva-berufsperspektiven.ch/wp-content/uploads/2023/06/DSC_4640--768x512.jpg 768w, https://www.contiva-berufsperspektiven.ch/wp-content/uploads/2023/06/DSC_4640--600x400.jpg 600w, https://www.contiva-berufsperspektiven.ch/wp-content/uploads/2023/06/DSC_4640--420x280.jpg 420w, https://www.contiva-berufsperspektiven.ch/wp-content/uploads/2023/06/DSC_4640--180x120.jpg 180w" sizes="auto, (max-width: 1000px) 100vw, 1000px" alt="Contenido Imagen que muestra a un coach manteniendo una conversación con un coachee en una mesa de la oficina.">
          
                  </figure>
      </a>

                
      <a class="ee-gallery-item ee-gallery-item--image ee-gallery-item--single swiper-slide" href="https://www.contiva-berufsperspektiven.ch/wp-content/uploads/2023/06/DSC_4570-.jpg"  data-sub-html="<span>Job Club - Basel© Friedel Ammann - Basel</span>" data-category="1"                  data-lg-size="1000-667"

      >
        <figure class="ee-gallery-item-figure">
                        <img loading="lazy" decoding="async" class="breakdance-image-object" src="https://www.contiva-berufsperspektiven.ch/wp-content/uploads/2023/06/DSC_4570-.jpg" width="1000" height="667" srcset="https://www.contiva-berufsperspektiven.ch/wp-content/uploads/2023/06/DSC_4570-.jpg 1000w, https://www.contiva-berufsperspektiven.ch/wp-content/uploads/2023/06/DSC_4570--300x200.jpg 300w, https://www.contiva-berufsperspektiven.ch/wp-content/uploads/2023/06/DSC_4570--768x512.jpg 768w, https://www.contiva-berufsperspektiven.ch/wp-content/uploads/2023/06/DSC_4570--600x400.jpg 600w, https://www.contiva-berufsperspektiven.ch/wp-content/uploads/2023/06/DSC_4570--420x280.jpg 420w, https://www.contiva-berufsperspektiven.ch/wp-content/uploads/2023/06/DSC_4570--180x120.jpg 180w" sizes="auto, (max-width: 1000px) 100vw, 1000px" alt="Contenido Imagen que muestra a un coach sentado a una mesa en una oficina con un coachee y manteniendo una conversación. El coach tiene un bolígrafo en la mano y está mostrando al coachee algo en un documento.">
          
                  </figure>
      </a>

      
  </div>

    </div>
                <div class="swiper-button-prev">
            
        </div>
        <div class="swiper-button-next">
            
        </div>
    
            <div class="swiper-pagination"></div>
    
  </div>


</div></div>
</section><section class="bde-section-272-155 bde-section bde-preset-180816e0-104b-46d4-8440-248496f2d4d2">
              
  
  
	



<div class="section-container"><div class="bde-columns-272-156 bde-columns"><div class="bde-column-272-157 bde-column">
  
  
	



<h2 class="bde-heading-272-158 bde-heading">
¿Preguntas?
</h2>
</div><div class="bde-column-272-159 bde-column">
  
  
	



<div class="bde-text-272-160 bde-text">
Si tiene alguna duda, póngase directamente en contacto con nosotros.
</div><div class="bde-div-272-161 bde-div bde-preset-4d0b34c7-4d84-489f-bb13-f8ff907d8258">
  
  
	



<div class="bde-button-272-162 bde-button">
    
                                    
    
    
    
    
            
                    
            
            

    
    
    
    
    
    <a class="breakdance-link button-atom button-atom--primary bde-button__button" href="mailto:info@contiva-berufsperspektiven.ch" target="_self" data-type="url"  >

    
        <span class="button-atom__text">Póngase en contacto con nosotros</span>

        
        
                </a>

    


</div>
</div>
</div></div></div>
</section></div>

<p>CONTIVA Kurse und Coaching für das Amt für Wirtschaft und Arbeit (AWA) Seit Vereinsgründung entwickelt und realisiert Contiva massgeschneiderte Angebote für das AWA, das uns Stellensuchende zuweist. Die Angebote sind je nach Bedarf ein Mix aus Einzelbegleitung und Gruppenkursen und dauern zwischen einer Woche bis zu mehreren Monaten. AWA BS Für das Amt für Wirtschaft [&hellip;]</p>
