{"id":3,"date":"2021-03-05T11:10:57","date_gmt":"2021-03-05T12:10:57","guid":{"rendered":"https:\/\/www.contiva-berufsperspektiven.ch"},"modified":"2024-09-09T21:17:15","modified_gmt":"2024-09-09T19:17:15","slug":"declaracion-de-proteccion-de-datos","status":"publish","type":"page","link":"https:\/\/www.contiva-berufsperspektiven.ch\/es\/datenschutzerklaerung\/","title":{"rendered":"Pol\u00edtica de privacidad"},"content":{"rendered":"<div class='breakdance'><div class=\"bde-globalblock-3-100 bde-globalblock\"><div class='breakdance'><section class=\"bde-section-3672-104-3672-1 bde-section no-animation bde-section-3672-104\">\n  \n  \n\t\n\n\n\n<div class=\"section-container\"><div class=\"bde-breadcrumbs-3672-106-3672-1 bde-breadcrumbs bde-breadcrumbs-3672-106\"><nav aria-label=\"pan rallado\" class=\"rank-math-breadcrumb\"><p><span class=\"last\">CONTIVA<\/span><\/p><\/nav><\/div><\/div>\n<\/section><section class=\"bde-section-3672-101-3672-1 bde-section no-animation bde-section-3672-101\">\n  \n  \n\t\n\n\n\n<div class=\"section-container\"><h1 class=\"bde-heading-3672-102-3672-1 bde-heading bde-heading-3672-102\">\nProtecci\u00f3n de datos\n<\/h1><div class=\"bde-text-3672-103-3672-1 bde-text bde-text-3672-103\">\n<h2 style=\"text-align: left;\">Pol\u00edtica de privacidad Contiva<\/h2>\n<p style=\"text-align: left;\">La protecci\u00f3n de su privacidad en el tratamiento de datos personales y la seguridad de todos los datos personales son importantes para nosotros. La recopilaci\u00f3n y el tratamiento de datos personales se llevan a cabo de conformidad con las disposiciones legales (Ley Federal de Protecci\u00f3n de Datos totalmente revisada, en vigor a partir del 1 de septiembre de 2023).<\/p>\n<p style=\"text-align: left;\">El responsable del tratamiento en el sentido de la Ley de Protecci\u00f3n de Datos es la asociaci\u00f3n Contiva con domicilio social en Reinacherstrasse 261, 4053 Basilea, Suiza.<\/p>\n<p style=\"text-align: left;\">Con esta declaraci\u00f3n de protecci\u00f3n de datos le informamos sobre qu\u00e9 datos suyos tratamos, para qu\u00e9 los necesitamos y qu\u00e9 derechos le asisten.<\/p>\n<p style=\"text-align: left;\"><strong>\u00bfQu\u00e9 datos personales recogemos?<\/strong><\/p>\n<p style=\"text-align: left;\">Todos los datos personales recogidos por nosotros se utilizan con el fin de procesar remisiones de organismos gubernamentales, otros contactos, consultas y pedidos. Por lo tanto, la recopilaci\u00f3n y el tratamiento solo tienen lugar en el \u00e1mbito de nuestra relaci\u00f3n con usted.<\/p>\n<p style=\"text-align: left;\">Los datos que recopilamos incluyen sus datos de contacto, como nombre, apellidos, direcci\u00f3n, fecha de nacimiento, n\u00famero de tel\u00e9fono y direcci\u00f3n de correo electr\u00f3nico, as\u00ed como todos los documentos presentados por usted en relaci\u00f3n con un contacto, consulta o pedido.<\/p>\n<p style=\"text-align: left;\"><strong>\u00bfEn qu\u00e9 ocasiones recogemos datos personales?<\/strong><\/p>\n<p style=\"text-align: left;\">Recopilamos datos personales cuando usted nos env\u00eda una consulta, nos facilita sus datos personales de otra forma, por ejemplo, como parte de un pedido, o se pone en contacto con nosotros por correo postal o electr\u00f3nico.<\/p>\n<p style=\"text-align: left;\">Tambi\u00e9n obtenemos datos personales de terceros si es necesario para tramitar un pedido. Los terceros son, por ejemplo, organismos gubernamentales remitentes o el fondo de seguro de desempleo.<\/p>\n<p style=\"text-align: left;\"><strong>Cookies<\/strong><\/p>\n<p style=\"text-align: left;\">Nuestro sitio web utiliza diversos servicios prestados por Google Inc (\"Google\"). Para estos servicios, Google utiliza las denominadas \"cookies\", es decir, archivos de texto que se almacenan en su ordenador y que, a su vez, permiten analizar el uso que usted hace del sitio web. La informaci\u00f3n generada por estas cookies sobre el uso de nuestro sitio web se transmite a un servidor de Google en EE.UU. y se almacena all\u00ed. Google puede utilizar esta informaci\u00f3n para analizar su uso del sitio web con el fin de proporcionarnos un informe sobre la actividad del sitio web. El uso de estos servicios tiene por objeto optimizar nuestro sitio web y permitir la colocaci\u00f3n selectiva de publicidad en l\u00ednea. La direcci\u00f3n IP transmitida por su navegador no se fusionar\u00e1 con otros datos de Google.<\/p>\n<p style=\"text-align: left;\">Google se ha comprometido a garantizar una protecci\u00f3n de datos adecuada y a cumplir la normativa de acuerdo con las cl\u00e1usulas contractuales tipo de la Comisi\u00f3n Europea para la transferencia de datos para publicidad en l\u00ednea y datos personales procedentes del Espacio Econ\u00f3mico Europeo y Suiza.<\/p>\n<p style=\"text-align: left;\">Puede evitar el almacenamiento o la instalaci\u00f3n de cookies seleccionando la configuraci\u00f3n adecuada en el software de su navegador. En este caso, sin embargo, es posible que no pueda utilizar determinadas funciones de nuestro sitio web en toda su extensi\u00f3n.<\/p>\n<p style=\"text-align: left;\"><strong>\u00bfC\u00f3mo tratamos sus datos personales?<\/strong><\/p>\n<p style=\"text-align: left;\">Recopilamos, procesamos y almacenamos datos personales s\u00f3lo de conformidad con las disposiciones legales aplicables o si usted nos ha dado su consentimiento adicional para tales actividades. Recopilamos, procesamos y almacenamos datos personales s\u00f3lo para los fines reconocibles por usted o en la medida en que estemos legalmente autorizados para ello y no vamos m\u00e1s all\u00e1 de esta autorizaci\u00f3n en nuestras actividades de procesamiento. Utilizamos medidas peri\u00f3dicas adecuadas para mantener actualizados sus datos personales, en la medida en que sea necesario para nuestras actividades.<\/p>\n<p style=\"text-align: left;\"><strong>\u00bfD\u00f3nde tratamos sus datos?<\/strong><\/p>\n<p style=\"text-align: left;\">Almacenamos y procesamos sus datos en nuestros servidores de la sede central de nuestra organizaci\u00f3n.<\/p>\n<p style=\"text-align: left;\"><strong>\u00bfCompartimos sus datos personales con terceros o con el extranjero?<\/strong><\/p>\n<p style=\"text-align: left;\">Sus datos personales no ser\u00e1n transmitidos a terceros por nosotros; nos reservamos el derecho a transmitirlos tras obtener su consentimiento o bas\u00e1ndonos en un fundamento jur\u00eddico, pero en cualquier caso s\u00f3lo en la medida en que sea necesario para la tramitaci\u00f3n de su caso.<\/p>\n<p style=\"text-align: left;\">Tambi\u00e9n utilizamos procesadores para determinados tratamientos de datos (por ejemplo, contabilidad de n\u00f3minas, gesti\u00f3n de casos). Nos aseguramos, tanto contractualmente como en t\u00e9rminos organizativos y t\u00e9cnicos, de que siempre traten sus datos personales estrictamente de acuerdo con nuestras instrucciones, para los fines previstos y respetando las m\u00e1ximas medidas de confidencialidad y seguridad.<\/p>\n<p style=\"text-align: left;\">No transmitimos datos personales al extranjero.<\/p>\n<p style=\"text-align: left;\"><strong>\u00bfCu\u00e1nto tiempo guardamos sus datos personales?<\/strong><\/p>\n<p style=\"text-align: left;\">Almacenamos sus datos personales durante el tiempo que sea necesario para la finalidad del tratamiento. A continuaci\u00f3n, los datos se eliminar\u00e1n, a menos que exista un periodo de conservaci\u00f3n legal m\u00e1s largo o que Contiva pueda alegar un inter\u00e9s superior en una conservaci\u00f3n m\u00e1s prolongada. Si Contiva tiene un inter\u00e9s superior en la cancelaci\u00f3n de los datos personales que justifique un periodo de almacenamiento m\u00e1s largo que el indicado, le informaremos del motivo del almacenamiento y de la duraci\u00f3n prevista.<\/p>\n<p style=\"text-align: left;\"><strong>\u00bfEst\u00e1n seguros sus datos personales?<\/strong><\/p>\n<p style=\"text-align: left;\">En estrecha colaboraci\u00f3n con nuestro proveedor inform\u00e1tico y otros procesadores, utilizamos medidas de seguridad t\u00e9cnicas y organizativas adecuadas para proteger sus datos personales almacenados por nosotros contra p\u00e9rdida, acceso no autorizado o manipulaci\u00f3n. Nuestras medidas de seguridad est\u00e1n adaptadas a los avances tecnol\u00f3gicos.<\/p>\n<p style=\"text-align: left;\"><strong>\u00bfQu\u00e9 derechos tiene en relaci\u00f3n con sus datos personales?<\/strong><\/p>\n<p style=\"text-align: left;\">Usted tiene los siguientes derechos en relaci\u00f3n con sus datos personales:<\/p>\n<ul style=\"text-align: left;\">\n<li>Puede solicitar informaci\u00f3n sobre los datos personales que hemos recopilado y almacenado sobre usted.<\/li>\n<li>Puede solicitar que corrijamos o completemos sus datos personales si los datos que hemos almacenado son incorrectos o est\u00e1n incompletos.<\/li>\n<li>Puede solicitar la supresi\u00f3n de sus datos personales en cualquier momento.<\/li>\n<li>Si ha consentido el tratamiento de sus datos personales, puede retirar su consentimiento en cualquier momento.<\/li>\n<\/ul>\n<p style=\"text-align: left;\">Para ejercer sus derechos, puede ponerse en contacto con nosotros por correo postal o electr\u00f3nico (v\u00e9ase el siguiente apartado \"\u00bfA qui\u00e9n puede dirigir sus preguntas?\"). Deber\u00e1 adjuntar una autorizaci\u00f3n (por ejemplo, presentando una copia de su documento de identidad), que ser\u00e1 comprobada por nosotros. En determinadas circunstancias, en caso de falta de autorizaci\u00f3n o, en particular, si existen intereses contradictorios preponderantes o intereses de terceros dignos de protecci\u00f3n, la informaci\u00f3n podr\u00e1 restringirse o denegarse.<\/p>\n<p style=\"text-align: left;\"><strong>\u00bfA qui\u00e9n puede dirigir sus preguntas?<\/strong><\/p>\n<p style=\"text-align: left;\">Si tiene alguna pregunta sobre sus derechos en relaci\u00f3n con sus datos personales o cualquier otra cuesti\u00f3n al respecto, p\u00f3ngase en contacto con la siguiente direcci\u00f3n:<\/p>\n<p style=\"text-align: left;\">Asociaci\u00f3n Contiva Reinacherstr. 261<\/p>\n<p style=\"text-align: left;\">4053 Basilea<\/p>\n<p style=\"text-align: left;\"><a href=\"mailto:datenschutz@contiva-berufsperspektiven.ch\">datenschutz@contiva-berufsperspektiven.ch<\/a><\/p>\n<p style=\"text-align: left;\"><strong>\u00bfSe puede personalizar la pol\u00edtica de privacidad?<\/strong><\/p>\n<p style=\"text-align: left;\">Nos reservamos el derecho a modificar y completar esta declaraci\u00f3n en cualquier momento de conformidad con la legislaci\u00f3n vigente. Se aplicar\u00e1 la versi\u00f3n vigente.<\/p>\n<p style=\"text-align: left;\">Pol\u00edtica de privacidad de Contiva, 9.6.23<\/p>\n\n<\/div><\/div>\n<\/section><\/div><\/div><\/div>","protected":false},"excerpt":{"rendered":"<p>CONTIVA Datenschutz Datenschutzerkl\u00e4rung Contiva Der Schutz Ihrer Privatsph\u00e4re bei der Verarbeitung personenbezogener Daten sowie die Sicherheit aller Personendaten sind uns ein wichtiges Anliegen. Die Erhebung und Bearbeitung von Personendaten erfolgt in Konformit\u00e4t mit den gesetzlichen Vorschriften (totalrevidiertes Bundesgesetz \u00fcber den Datenschutz, in Kraft ab 1. September 2023). Verantwortlicher im Sinne des Datenschutzgesetzes ist der Verein [&hellip;]<\/p>\n","protected":false},"author":1,"featured_media":0,"parent":0,"menu_order":0,"comment_status":"closed","ping_status":"open","template":"","meta":{"_acf_changed":false,"_breakdance_hide_in_design_set":false,"_breakdance_tags":"","iawp_total_views":108,"footnotes":""},"class_list":["post-3","page","type-page","status-publish","hentry"],"acf":[],"_links":{"self":[{"href":"https:\/\/www.contiva-berufsperspektiven.ch\/es\/wp-json\/wp\/v2\/pages\/3","targetHints":{"allow":["GET"]}}],"collection":[{"href":"https:\/\/www.contiva-berufsperspektiven.ch\/es\/wp-json\/wp\/v2\/pages"}],"about":[{"href":"https:\/\/www.contiva-berufsperspektiven.ch\/es\/wp-json\/wp\/v2\/types\/page"}],"author":[{"embeddable":true,"href":"https:\/\/www.contiva-berufsperspektiven.ch\/es\/wp-json\/wp\/v2\/users\/1"}],"replies":[{"embeddable":true,"href":"https:\/\/www.contiva-berufsperspektiven.ch\/es\/wp-json\/wp\/v2\/comments?post=3"}],"version-history":[{"count":6,"href":"https:\/\/www.contiva-berufsperspektiven.ch\/es\/wp-json\/wp\/v2\/pages\/3\/revisions"}],"predecessor-version":[{"id":4344,"href":"https:\/\/www.contiva-berufsperspektiven.ch\/es\/wp-json\/wp\/v2\/pages\/3\/revisions\/4344"}],"wp:attachment":[{"href":"https:\/\/www.contiva-berufsperspektiven.ch\/es\/wp-json\/wp\/v2\/media?parent=3"}],"curies":[{"name":"wp","href":"https:\/\/api.w.org\/{rel}","templated":true}]}}

Política de privacidad

<div class='breakdance'><div class="bde-globalblock-3-100 bde-globalblock"><div class='breakdance'><section class="bde-section-3672-104-3672-1 bde-section no-animation bde-section-3672-104">
  
  
	



<div class="section-container"><div class="bde-breadcrumbs-3672-106-3672-1 bde-breadcrumbs bde-breadcrumbs-3672-106"><nav aria-label="pan rallado" class="rank-math-breadcrumb"><p><span class="last">CONTIVA</span></p></nav></div></div>
</section><section class="bde-section-3672-101-3672-1 bde-section no-animation bde-section-3672-101">
  
  
	



<div class="section-container"><h1 class="bde-heading-3672-102-3672-1 bde-heading bde-heading-3672-102">
Protección de datos
</h1><div class="bde-text-3672-103-3672-1 bde-text bde-text-3672-103">
<h2 style="text-align: left;">Política de privacidad Contiva</h2>
<p style="text-align: left;">La protección de su privacidad en el tratamiento de datos personales y la seguridad de todos los datos personales son importantes para nosotros. La recopilación y el tratamiento de datos personales se llevan a cabo de conformidad con las disposiciones legales (Ley Federal de Protección de Datos totalmente revisada, en vigor a partir del 1 de septiembre de 2023).</p>
<p style="text-align: left;">El responsable del tratamiento en el sentido de la Ley de Protección de Datos es la asociación Contiva con domicilio social en Reinacherstrasse 261, 4053 Basilea, Suiza.</p>
<p style="text-align: left;">Con esta declaración de protección de datos le informamos sobre qué datos suyos tratamos, para qué los necesitamos y qué derechos le asisten.</p>
<p style="text-align: left;"><strong>¿Qué datos personales recogemos?</strong></p>
<p style="text-align: left;">Todos los datos personales recogidos por nosotros se utilizan con el fin de procesar remisiones de organismos gubernamentales, otros contactos, consultas y pedidos. Por lo tanto, la recopilación y el tratamiento solo tienen lugar en el ámbito de nuestra relación con usted.</p>
<p style="text-align: left;">Los datos que recopilamos incluyen sus datos de contacto, como nombre, apellidos, dirección, fecha de nacimiento, número de teléfono y dirección de correo electrónico, así como todos los documentos presentados por usted en relación con un contacto, consulta o pedido.</p>
<p style="text-align: left;"><strong>¿En qué ocasiones recogemos datos personales?</strong></p>
<p style="text-align: left;">Recopilamos datos personales cuando usted nos envía una consulta, nos facilita sus datos personales de otra forma, por ejemplo, como parte de un pedido, o se pone en contacto con nosotros por correo postal o electrónico.</p>
<p style="text-align: left;">También obtenemos datos personales de terceros si es necesario para tramitar un pedido. Los terceros son, por ejemplo, organismos gubernamentales remitentes o el fondo de seguro de desempleo.</p>
<p style="text-align: left;"><strong>Cookies</strong></p>
<p style="text-align: left;">Nuestro sitio web utiliza diversos servicios prestados por Google Inc ("Google"). Para estos servicios, Google utiliza las denominadas "cookies", es decir, archivos de texto que se almacenan en su ordenador y que, a su vez, permiten analizar el uso que usted hace del sitio web. La información generada por estas cookies sobre el uso de nuestro sitio web se transmite a un servidor de Google en EE.UU. y se almacena allí. Google puede utilizar esta información para analizar su uso del sitio web con el fin de proporcionarnos un informe sobre la actividad del sitio web. El uso de estos servicios tiene por objeto optimizar nuestro sitio web y permitir la colocación selectiva de publicidad en línea. La dirección IP transmitida por su navegador no se fusionará con otros datos de Google.</p>
<p style="text-align: left;">Google se ha comprometido a garantizar una protección de datos adecuada y a cumplir la normativa de acuerdo con las cláusulas contractuales tipo de la Comisión Europea para la transferencia de datos para publicidad en línea y datos personales procedentes del Espacio Económico Europeo y Suiza.</p>
<p style="text-align: left;">Puede evitar el almacenamiento o la instalación de cookies seleccionando la configuración adecuada en el software de su navegador. En este caso, sin embargo, es posible que no pueda utilizar determinadas funciones de nuestro sitio web en toda su extensión.</p>
<p style="text-align: left;"><strong>¿Cómo tratamos sus datos personales?</strong></p>
<p style="text-align: left;">Recopilamos, procesamos y almacenamos datos personales sólo de conformidad con las disposiciones legales aplicables o si usted nos ha dado su consentimiento adicional para tales actividades. Recopilamos, procesamos y almacenamos datos personales sólo para los fines reconocibles por usted o en la medida en que estemos legalmente autorizados para ello y no vamos más allá de esta autorización en nuestras actividades de procesamiento. Utilizamos medidas periódicas adecuadas para mantener actualizados sus datos personales, en la medida en que sea necesario para nuestras actividades.</p>
<p style="text-align: left;"><strong>¿Dónde tratamos sus datos?</strong></p>
<p style="text-align: left;">Almacenamos y procesamos sus datos en nuestros servidores de la sede central de nuestra organización.</p>
<p style="text-align: left;"><strong>¿Compartimos sus datos personales con terceros o con el extranjero?</strong></p>
<p style="text-align: left;">Sus datos personales no serán transmitidos a terceros por nosotros; nos reservamos el derecho a transmitirlos tras obtener su consentimiento o basándonos en un fundamento jurídico, pero en cualquier caso sólo en la medida en que sea necesario para la tramitación de su caso.</p>
<p style="text-align: left;">También utilizamos procesadores para determinados tratamientos de datos (por ejemplo, contabilidad de nóminas, gestión de casos). Nos aseguramos, tanto contractualmente como en términos organizativos y técnicos, de que siempre traten sus datos personales estrictamente de acuerdo con nuestras instrucciones, para los fines previstos y respetando las máximas medidas de confidencialidad y seguridad.</p>
<p style="text-align: left;">No transmitimos datos personales al extranjero.</p>
<p style="text-align: left;"><strong>¿Cuánto tiempo guardamos sus datos personales?</strong></p>
<p style="text-align: left;">Almacenamos sus datos personales durante el tiempo que sea necesario para la finalidad del tratamiento. A continuación, los datos se eliminarán, a menos que exista un periodo de conservación legal más largo o que Contiva pueda alegar un interés superior en una conservación más prolongada. Si Contiva tiene un interés superior en la cancelación de los datos personales que justifique un periodo de almacenamiento más largo que el indicado, le informaremos del motivo del almacenamiento y de la duración prevista.</p>
<p style="text-align: left;"><strong>¿Están seguros sus datos personales?</strong></p>
<p style="text-align: left;">En estrecha colaboración con nuestro proveedor informático y otros procesadores, utilizamos medidas de seguridad técnicas y organizativas adecuadas para proteger sus datos personales almacenados por nosotros contra pérdida, acceso no autorizado o manipulación. Nuestras medidas de seguridad están adaptadas a los avances tecnológicos.</p>
<p style="text-align: left;"><strong>¿Qué derechos tiene en relación con sus datos personales?</strong></p>
<p style="text-align: left;">Usted tiene los siguientes derechos en relación con sus datos personales:</p>
<ul style="text-align: left;">
<li>Puede solicitar información sobre los datos personales que hemos recopilado y almacenado sobre usted.</li>
<li>Puede solicitar que corrijamos o completemos sus datos personales si los datos que hemos almacenado son incorrectos o están incompletos.</li>
<li>Puede solicitar la supresión de sus datos personales en cualquier momento.</li>
<li>Si ha consentido el tratamiento de sus datos personales, puede retirar su consentimiento en cualquier momento.</li>
</ul>
<p style="text-align: left;">Para ejercer sus derechos, puede ponerse en contacto con nosotros por correo postal o electrónico (véase el siguiente apartado "¿A quién puede dirigir sus preguntas?"). Deberá adjuntar una autorización (por ejemplo, presentando una copia de su documento de identidad), que será comprobada por nosotros. En determinadas circunstancias, en caso de falta de autorización o, en particular, si existen intereses contradictorios preponderantes o intereses de terceros dignos de protección, la información podrá restringirse o denegarse.</p>
<p style="text-align: left;"><strong>¿A quién puede dirigir sus preguntas?</strong></p>
<p style="text-align: left;">Si tiene alguna pregunta sobre sus derechos en relación con sus datos personales o cualquier otra cuestión al respecto, póngase en contacto con la siguiente dirección:</p>
<p style="text-align: left;">Asociación Contiva Reinacherstr. 261</p>
<p style="text-align: left;">4053 Basilea</p>
<p style="text-align: left;"><a href="mailto:datenschutz@contiva-berufsperspektiven.ch">datenschutz@contiva-berufsperspektiven.ch</a></p>
<p style="text-align: left;"><strong>¿Se puede personalizar la política de privacidad?</strong></p>
<p style="text-align: left;">Nos reservamos el derecho a modificar y completar esta declaración en cualquier momento de conformidad con la legislación vigente. Se aplicará la versión vigente.</p>
<p style="text-align: left;">Política de privacidad de Contiva, 9.6.23</p>

</div></div>
</section></div></div></div>

<p>CONTIVA Datenschutz Datenschutzerklärung Contiva Der Schutz Ihrer Privatsphäre bei der Verarbeitung personenbezogener Daten sowie die Sicherheit aller Personendaten sind uns ein wichtiges Anliegen. Die Erhebung und Bearbeitung von Personendaten erfolgt in Konformität mit den gesetzlichen Vorschriften (totalrevidiertes Bundesgesetz über den Datenschutz, in Kraft ab 1. September 2023). Verantwortlicher im Sinne des Datenschutzgesetzes ist der Verein [&hellip;]</p>
