{"id":4433,"date":"2024-11-27T14:51:40","date_gmt":"2024-11-27T13:51:40","guid":{"rendered":"https:\/\/www.contiva-berufsperspektiven.ch\/?page_id=4433"},"modified":"2026-01-08T18:49:22","modified_gmt":"2026-01-08T17:49:22","slug":"localizacion","status":"publish","type":"page","link":"https:\/\/www.contiva-berufsperspektiven.ch\/es\/jobway-awa-bs\/standortbestimmung\/","title":{"rendered":"Posicionamiento"},"content":{"rendered":"<div class='breakdance'><div class=\"bde-globalblock-4433-100 bde-globalblock\"><div class='breakdance'><section class=\"bde-section-3672-104-3672-1 bde-section no-animation bde-section-3672-104\">\n  \n  \n\t\n\n\n\n<div class=\"section-container\"><div class=\"bde-breadcrumbs-3672-106-3672-1 bde-breadcrumbs bde-breadcrumbs-3672-106\"><nav aria-label=\"pan rallado\" class=\"rank-math-breadcrumb\"><p><span class=\"last\">CONTIVA<\/span><\/p><\/nav><\/div><\/div>\n<\/section><section class=\"bde-section-3672-101-3672-1 bde-section no-animation bde-section-3672-101\">\n  \n  \n\t\n\n\n\n<div class=\"section-container\"><h1 class=\"bde-heading-3672-102-3672-1 bde-heading bde-heading-3672-102\">\nPosicionamiento\n<\/h1><div class=\"bde-text-3672-103-3672-1 bde-text bde-text-3672-103\">\n\n<\/div><\/div>\n<\/section><\/div><\/div><section class=\"bde-section-4433-101 bde-section bde-preset-a757da71-4efb-4b7c-ac36-4af124f53d48\">\n  \n  \n\t\n\n\n\n<div class=\"section-container\"><div class=\"bde-div-4433-107 bde-div\">\n  \n  \n\t\n\n\n\n<h3 class=\"bde-heading-4433-108 bde-heading\">\nPosicionamiento\n<\/h3><div class=\"bde-rich-text-4433-109 bde-rich-text bde-preset-122c1e24-e6c5-4b29-8189-6b61ad767a10 breakdance-rich-text-styles\">\n<p style=\"text-align: left;\" data-start=\"977\" data-end=\"995\"><strong>Participantes<\/strong><\/p><p style=\"text-align: left;\" data-start=\"996\" data-end=\"1018\">Demandantes de empleo que<\/p><ul style=\"text-align: left;\"><li data-start=\"1021\" data-end=\"1071\">tener una trayectoria profesional no directa y\/o<\/li><li data-start=\"1074\" data-end=\"1134\">necesitan orientaci\u00f3n para su b\u00fasqueda de empleo (qu\u00e9, d\u00f3nde, c\u00f3mo).<\/li><\/ul><p style=\"text-align: left;\" data-start=\"1136\" data-end=\"1157\"><strong>Requisitos previos<\/strong><\/p><p style=\"text-align: left;\">Los demandantes de empleo tienen conocimientos ling\u00fc\u00edsticos de nivel B1.<\/p><p style=\"text-align: left;\">Comprende el lenguaje est\u00e1ndar y los t\u00e9rminos t\u00e9cnicos de su vida laboral cotidiana y puede expresarse oralmente y por escrito de forma sencilla y coherente sobre temas conocidos y \u00e1reas de inter\u00e9s personal.<\/p><p style=\"text-align: left;\" data-start=\"1439\" data-end=\"1454\"><strong>Objetivos del curso<\/strong><\/p><p style=\"text-align: left;\" data-start=\"1455\" data-end=\"1474\">Los participantes<\/p><ul style=\"text-align: left;\"><li data-start=\"1477\" data-end=\"1588\">desarrollar su perfil de candidato y de competencias (personalidad, experiencia, intereses, competencias) y<\/li><li data-start=\"1591\" data-end=\"1684\">saber a qu\u00e9 empresa y perfiles laborales pueden optar de forma realista.<\/li><\/ul><p style=\"text-align: left;\" data-start=\"1686\" data-end=\"1701\"><strong>Duraci\u00f3n del curso<\/strong><\/p><p style=\"text-align: left;\" data-start=\"1702\" data-end=\"1786\">Un total de 12 horas (3 d\u00edas de 4 horas cada uno, por la ma\u00f1ana o por la tarde).<\/p><p style=\"text-align: left;\"><strong>P\u00f3ngase en contacto con nosotros<\/strong><br \/>Dorothea Saner Suiza<br \/>+41 61 339 90 02 \/ +41 79 322 22 54<br \/><a class=\"bde-text-link-3517-110 bde-text-link breakdance-link\" href=\"mailto:d.saner@contiva-berufsperspektiven.ch\" target=\"_self\" data-type=\"url\">d.saner@contiva-berufsperspektiven.ch<\/a><\/p>\n<\/div>\n<\/div><div class=\"bde-div-4433-102 bde-div\">\n  \n  \n\t\n\n\n\n<div class=\"bde-div-4433-105 bde-div bde-preset-4d0b34c7-4d84-489f-bb13-f8ff907d8258\">\n  \n  \n\t\n\n\n\n<div class=\"bde-button-4433-106 bde-button\">\n    \n                                    \n    \n    \n    \n    \n            \n                    \n            \n            \n\n    \n    \n    \n    \n    \n    <a class=\"breakdance-link button-atom button-atom--primary bde-button__button\" href=\"https:\/\/www.contiva-berufsperspektiven.ch\/wp-content\/uploads\/2026\/01\/Contiva-JOBWAY_Berufliche-Standortbestimmung-ab-2026_29.09.2025.pdf\" target=\"_blank\" data-type=\"url\"  >\n\n    \n        <span class=\"button-atom__text\">al anuncio del curso<\/span>\n\n        \n        \n                <\/a>\n\n    \n\n\n<\/div>\n<\/div>\n<\/div><\/div>\n<\/section><\/div>","protected":false},"excerpt":{"rendered":"<p>CONTIVA Standortbestimmung Standortbestimmung TeilnehmendeStellensuchende, dieeinen nicht gradlinigen Werdegang haben und\/oderOrientierung f\u00fcr ihre Stellensuche ben\u00f6tigen (Was, Wo, Wie).VoraussetzungenDie Stellensuchenden verf\u00fcgen \u00fcber Sprachkenntnisse auf Niveau B1.Sie verstehen Standardsprache und Fachbegriffe aus ihrem Berufsalltag und k\u00f6nnen sich m\u00fcndlich sowie schriftlich einfach und zusammenh\u00e4ngend \u00fcber vertraute Themen und pers\u00f6nliche Interessensgebiete \u00e4ussern.KurszieleDie Teilnehmendenerarbeiten ihr Kandidaten- und Kompetenzprofil (Pers\u00f6nlichkeit, Erfahrungen, Interessen, [&hellip;]<\/p>\n","protected":false},"author":34,"featured_media":0,"parent":698,"menu_order":0,"comment_status":"closed","ping_status":"closed","template":"","meta":{"_acf_changed":false,"_breakdance_hide_in_design_set":false,"_breakdance_tags":"","iawp_total_views":309,"footnotes":""},"class_list":["post-4433","page","type-page","status-publish","hentry"],"acf":[],"_links":{"self":[{"href":"https:\/\/www.contiva-berufsperspektiven.ch\/es\/wp-json\/wp\/v2\/pages\/4433","targetHints":{"allow":["GET"]}}],"collection":[{"href":"https:\/\/www.contiva-berufsperspektiven.ch\/es\/wp-json\/wp\/v2\/pages"}],"about":[{"href":"https:\/\/www.contiva-berufsperspektiven.ch\/es\/wp-json\/wp\/v2\/types\/page"}],"author":[{"embeddable":true,"href":"https:\/\/www.contiva-berufsperspektiven.ch\/es\/wp-json\/wp\/v2\/users\/34"}],"replies":[{"embeddable":true,"href":"https:\/\/www.contiva-berufsperspektiven.ch\/es\/wp-json\/wp\/v2\/comments?post=4433"}],"version-history":[{"count":20,"href":"https:\/\/www.contiva-berufsperspektiven.ch\/es\/wp-json\/wp\/v2\/pages\/4433\/revisions"}],"predecessor-version":[{"id":5182,"href":"https:\/\/www.contiva-berufsperspektiven.ch\/es\/wp-json\/wp\/v2\/pages\/4433\/revisions\/5182"}],"up":[{"embeddable":true,"href":"https:\/\/www.contiva-berufsperspektiven.ch\/es\/wp-json\/wp\/v2\/pages\/698"}],"wp:attachment":[{"href":"https:\/\/www.contiva-berufsperspektiven.ch\/es\/wp-json\/wp\/v2\/media?parent=4433"}],"curies":[{"name":"wp","href":"https:\/\/api.w.org\/{rel}","templated":true}]}}

<div class='breakdance'><div class="bde-globalblock-4433-100 bde-globalblock"><div class='breakdance'><section class="bde-section-3672-104-3672-1 bde-section no-animation bde-section-3672-104">
  
  
	



<div class="section-container"><div class="bde-breadcrumbs-3672-106-3672-1 bde-breadcrumbs bde-breadcrumbs-3672-106"><nav aria-label="pan rallado" class="rank-math-breadcrumb"><p><span class="last">CONTIVA</span></p></nav></div></div>
</section><section class="bde-section-3672-101-3672-1 bde-section no-animation bde-section-3672-101">
  
  
	



<div class="section-container"><h1 class="bde-heading-3672-102-3672-1 bde-heading bde-heading-3672-102">
Posicionamiento
</h1><div class="bde-text-3672-103-3672-1 bde-text bde-text-3672-103">

</div></div>
</section></div></div><section class="bde-section-4433-101 bde-section bde-preset-a757da71-4efb-4b7c-ac36-4af124f53d48">
  
  
	



<div class="section-container"><div class="bde-div-4433-107 bde-div">
  
  
	



<h3 class="bde-heading-4433-108 bde-heading">
Posicionamiento
</h3><div class="bde-rich-text-4433-109 bde-rich-text bde-preset-122c1e24-e6c5-4b29-8189-6b61ad767a10 breakdance-rich-text-styles">
<p style="text-align: left;" data-start="977" data-end="995"><strong>Participantes</strong></p><p style="text-align: left;" data-start="996" data-end="1018">Demandantes de empleo que</p><ul style="text-align: left;"><li data-start="1021" data-end="1071">tener una trayectoria profesional no directa y/o</li><li data-start="1074" data-end="1134">necesitan orientación para su búsqueda de empleo (qué, dónde, cómo).</li></ul><p style="text-align: left;" data-start="1136" data-end="1157"><strong>Requisitos previos</strong></p><p style="text-align: left;">Los demandantes de empleo tienen conocimientos lingüísticos de nivel B1.</p><p style="text-align: left;">Comprende el lenguaje estándar y los términos técnicos de su vida laboral cotidiana y puede expresarse oralmente y por escrito de forma sencilla y coherente sobre temas conocidos y áreas de interés personal.</p><p style="text-align: left;" data-start="1439" data-end="1454"><strong>Objetivos del curso</strong></p><p style="text-align: left;" data-start="1455" data-end="1474">Los participantes</p><ul style="text-align: left;"><li data-start="1477" data-end="1588">desarrollar su perfil de candidato y de competencias (personalidad, experiencia, intereses, competencias) y</li><li data-start="1591" data-end="1684">saber a qué empresa y perfiles laborales pueden optar de forma realista.</li></ul><p style="text-align: left;" data-start="1686" data-end="1701"><strong>Duración del curso</strong></p><p style="text-align: left;" data-start="1702" data-end="1786">Un total de 12 horas (3 días de 4 horas cada uno, por la mañana o por la tarde).</p><p style="text-align: left;"><strong>Póngase en contacto con nosotros</strong><br />Dorothea Saner Suiza<br />+41 61 339 90 02 / +41 79 322 22 54<br /><a class="bde-text-link-3517-110 bde-text-link breakdance-link" href="mailto:d.saner@contiva-berufsperspektiven.ch" target="_self" data-type="url">d.saner@contiva-berufsperspektiven.ch</a></p>
</div>
</div><div class="bde-div-4433-102 bde-div">
  
  
	



<div class="bde-div-4433-105 bde-div bde-preset-4d0b34c7-4d84-489f-bb13-f8ff907d8258">
  
  
	



<div class="bde-button-4433-106 bde-button">
    
                                    
    
    
    
    
            
                    
            
            

    
    
    
    
    
    <a class="breakdance-link button-atom button-atom--primary bde-button__button" href="https://www.contiva-berufsperspektiven.ch/wp-content/uploads/2026/01/Contiva-JOBWAY_Berufliche-Standortbestimmung-ab-2026_29.09.2025.pdf" target="_blank" data-type="url"  >

    
        <span class="button-atom__text">al anuncio del curso</span>

        
        
                </a>

    


</div>
</div>
</div></div>
</section></div>

<p>CONTIVA Standortbestimmung Standortbestimmung TeilnehmendeStellensuchende, dieeinen nicht gradlinigen Werdegang haben und/oderOrientierung für ihre Stellensuche benötigen (Was, Wo, Wie).VoraussetzungenDie Stellensuchenden verfügen über Sprachkenntnisse auf Niveau B1.Sie verstehen Standardsprache und Fachbegriffe aus ihrem Berufsalltag und können sich mündlich sowie schriftlich einfach und zusammenhängend über vertraute Themen und persönliche Interessensgebiete äussern.KurszieleDie Teilnehmendenerarbeiten ihr Kandidaten- und Kompetenzprofil (Persönlichkeit, Erfahrungen, Interessen, [&hellip;]</p>
