{"id":4439,"date":"2024-11-27T14:56:56","date_gmt":"2024-11-27T13:56:56","guid":{"rendered":"https:\/\/www.contiva-berufsperspektiven.ch\/?page_id=4439"},"modified":"2026-02-12T21:26:49","modified_gmt":"2026-02-12T20:26:49","slug":"aplicacion-oral","status":"publish","type":"page","link":"https:\/\/www.contiva-berufsperspektiven.ch\/es\/jobway-awa-bs\/muendliche-bewerbung\/","title":{"rendered":"Aplicaci\u00f3n oral"},"content":{"rendered":"<div class='breakdance'><div class=\"bde-globalblock-4439-100 bde-globalblock\"><div class='breakdance'><section class=\"bde-section-3672-104-3672-1 bde-section no-animation bde-section-3672-104\">\n  \n  \n\t\n\n\n\n<div class=\"section-container\"><div class=\"bde-breadcrumbs-3672-106-3672-1 bde-breadcrumbs bde-breadcrumbs-3672-106\"><nav aria-label=\"pan rallado\" class=\"rank-math-breadcrumb\"><p><span class=\"last\">CONTIVA<\/span><\/p><\/nav><\/div><\/div>\n<\/section><section class=\"bde-section-3672-101-3672-1 bde-section no-animation bde-section-3672-101\">\n  \n  \n\t\n\n\n\n<div class=\"section-container\"><h1 class=\"bde-heading-3672-102-3672-1 bde-heading bde-heading-3672-102\">\nAplicaci\u00f3n oral\n<\/h1><div class=\"bde-text-3672-103-3672-1 bde-text bde-text-3672-103\">\n\n<\/div><\/div>\n<\/section><\/div><\/div><section class=\"bde-section-4439-101 bde-section bde-preset-a757da71-4efb-4b7c-ac36-4af124f53d48\">\n  \n  \n\t\n\n\n\n<div class=\"section-container\"><div class=\"bde-div-4439-102 bde-div\">\n  \n  \n\t\n\n\n\n<h3 class=\"bde-heading-4439-103 bde-heading\">\nCapacidad de aplicaci\u00f3n oral\n<\/h3><div class=\"bde-rich-text-4439-104 bde-rich-text breakdance-rich-text-styles\">\n<p><strong>Participantes<\/strong><br \/>Solicitantes de empleo que se sientan inseguros de su aspecto personal y\/o que quieran venderse mejor y entrenarse en c\u00f3mo afrontar preguntas especialmente peliagudas.<\/p><p><strong>Requisitos previos<\/strong><\/p><ul><li>Nivel A: Comprendes el alem\u00e1n est\u00e1ndar y los t\u00e9rminos t\u00e9cnicos de tu vida laboral cotidiana (nivel B1) y puedes expresarte oralmente de forma sencilla y coherente sobre temas conocidos.<\/li><li>Nivel B: Los participantes han completado la formaci\u00f3n con una EFZ o a nivel terciario.<\/li><\/ul><p><strong>Objetivos del curso<\/strong><br \/>Los participantes<\/p><ul><li>saber preparar bien las entrevistas de trabajo<\/li><li>puede responder bien y con seguridad a preguntas dif\u00edciles<\/li><li>puede explicar su carrera y la situaci\u00f3n de desempleo de forma comprensible<\/li><li>conocer proveedores importantes para entrevistas en l\u00ednea (Skype, Zoom, MSTeams, etc.)<\/li><li>han practicado estrategias para \"venderse\" bien<\/li><\/ul><p><strong>Duraci\u00f3n del curso<\/strong><br \/>Nivel A: El m\u00f3dulo dura 3 medios d\u00edas y se imparte por la ma\u00f1ana o por la tarde.<br \/>Nivel B: El m\u00f3dulo se imparte en 2 d\u00edas, de 9.00 a 16.00 horas, con una pausa de una hora para comer.<\/p><p><strong>P\u00f3ngase en contacto con nosotros<\/strong><br \/>Dorothea Saner Suiza<br \/>+41 61 339 90 02 \/ +41 79 322 22 54<br \/><a class=\"bde-text-link-3517-110 bde-text-link breakdance-link\" href=\"mailto:d.saner@contiva-berufsperspektiven.ch\" target=\"_self\" data-type=\"url\">d.saner@contiva-berufsperspektiven.ch<\/a><\/p>\n<\/div><div class=\"bde-div-4439-105 bde-div bde-preset-4d0b34c7-4d84-489f-bb13-f8ff907d8258\">\n  \n  \n\t\n\n\n\n<div class=\"bde-button-4439-106 bde-button\">\n    \n                                    \n    \n    \n    \n    \n            \n                    \n            \n            \n\n    \n    \n    \n    \n    \n    <a class=\"breakdance-link button-atom button-atom--primary bde-button__button\" href=\"https:\/\/www.contiva-berufsperspektiven.ch\/wp-content\/uploads\/2026\/02\/Contiva-JOBWAY_Muendliche-Bewerbungskompetenz-MBK-A-ab-2026.pdf\" target=\"_blank\" data-type=\"url\"  >\n\n    \n        <span class=\"button-atom__text\">al anuncio del curso nivel A<\/span>\n\n        \n        \n                <\/a>\n\n    \n\n\n<\/div>\n<\/div><div class=\"bde-div-4439-107 bde-div bde-preset-4d0b34c7-4d84-489f-bb13-f8ff907d8258\">\n  \n  \n\t\n\n\n\n<div class=\"bde-button-4439-108 bde-button\">\n    \n                                    \n    \n    \n    \n    \n            \n                    \n            \n            \n\n    \n    \n    \n    \n    \n    <a class=\"breakdance-link button-atom button-atom--primary bde-button__button\" href=\"https:\/\/www.contiva-berufsperspektiven.ch\/wp-content\/uploads\/2026\/02\/Contiva-JOBWAY_Muendliche-Bewerbungskompetenz-MBK-B-ab-2026.pdf\" target=\"_blank\" data-type=\"url\"  >\n\n    \n        <span class=\"button-atom__text\">al anuncio del curso nivel B<\/span>\n\n        \n        \n                <\/a>\n\n    \n\n\n<\/div>\n<\/div>\n<\/div><\/div>\n<\/section><\/div>","protected":false},"excerpt":{"rendered":"<p>CONTIVA M\u00fcndliche Bewerbung M\u00fcndliche Bewerbungskompetenz TeilnehmendeStellensuchende, die sich im pers\u00f6nlichen Auftritt unsicher f\u00fchlen und\/oder die sich besser verkaufen und den Umgang mit besonders heiklen Fragen trainieren m\u00f6chten.VoraussetzungenNiveau A: Sie verstehen deutsche Standardsprache und Fachbegriffe aus ihrem Berufsalltag (Niveau B1) und k\u00f6nnen sich m\u00fcndlich einfach und zusammenh\u00e4ngend \u00fcber vertraute Themen \u00e4ussern.Niveau B: Die Teilnehmenden haben eine [&hellip;]<\/p>\n","protected":false},"author":34,"featured_media":0,"parent":698,"menu_order":0,"comment_status":"closed","ping_status":"closed","template":"","meta":{"_acf_changed":false,"_breakdance_hide_in_design_set":false,"_breakdance_tags":"","iawp_total_views":143,"footnotes":""},"class_list":["post-4439","page","type-page","status-publish","hentry"],"acf":[],"_links":{"self":[{"href":"https:\/\/www.contiva-berufsperspektiven.ch\/es\/wp-json\/wp\/v2\/pages\/4439","targetHints":{"allow":["GET"]}}],"collection":[{"href":"https:\/\/www.contiva-berufsperspektiven.ch\/es\/wp-json\/wp\/v2\/pages"}],"about":[{"href":"https:\/\/www.contiva-berufsperspektiven.ch\/es\/wp-json\/wp\/v2\/types\/page"}],"author":[{"embeddable":true,"href":"https:\/\/www.contiva-berufsperspektiven.ch\/es\/wp-json\/wp\/v2\/users\/34"}],"replies":[{"embeddable":true,"href":"https:\/\/www.contiva-berufsperspektiven.ch\/es\/wp-json\/wp\/v2\/comments?post=4439"}],"version-history":[{"count":11,"href":"https:\/\/www.contiva-berufsperspektiven.ch\/es\/wp-json\/wp\/v2\/pages\/4439\/revisions"}],"predecessor-version":[{"id":5212,"href":"https:\/\/www.contiva-berufsperspektiven.ch\/es\/wp-json\/wp\/v2\/pages\/4439\/revisions\/5212"}],"up":[{"embeddable":true,"href":"https:\/\/www.contiva-berufsperspektiven.ch\/es\/wp-json\/wp\/v2\/pages\/698"}],"wp:attachment":[{"href":"https:\/\/www.contiva-berufsperspektiven.ch\/es\/wp-json\/wp\/v2\/media?parent=4439"}],"curies":[{"name":"wp","href":"https:\/\/api.w.org\/{rel}","templated":true}]}}

Aplicación oral

<div class='breakdance'><div class="bde-globalblock-4439-100 bde-globalblock"><div class='breakdance'><section class="bde-section-3672-104-3672-1 bde-section no-animation bde-section-3672-104">
  
  
	



<div class="section-container"><div class="bde-breadcrumbs-3672-106-3672-1 bde-breadcrumbs bde-breadcrumbs-3672-106"><nav aria-label="pan rallado" class="rank-math-breadcrumb"><p><span class="last">CONTIVA</span></p></nav></div></div>
</section><section class="bde-section-3672-101-3672-1 bde-section no-animation bde-section-3672-101">
  
  
	



<div class="section-container"><h1 class="bde-heading-3672-102-3672-1 bde-heading bde-heading-3672-102">
Aplicación oral
</h1><div class="bde-text-3672-103-3672-1 bde-text bde-text-3672-103">

</div></div>
</section></div></div><section class="bde-section-4439-101 bde-section bde-preset-a757da71-4efb-4b7c-ac36-4af124f53d48">
  
  
	



<div class="section-container"><div class="bde-div-4439-102 bde-div">
  
  
	



<h3 class="bde-heading-4439-103 bde-heading">
Capacidad de aplicación oral
</h3><div class="bde-rich-text-4439-104 bde-rich-text breakdance-rich-text-styles">
<p><strong>Participantes</strong><br />Solicitantes de empleo que se sientan inseguros de su aspecto personal y/o que quieran venderse mejor y entrenarse en cómo afrontar preguntas especialmente peliagudas.</p><p><strong>Requisitos previos</strong></p><ul><li>Nivel A: Comprendes el alemán estándar y los términos técnicos de tu vida laboral cotidiana (nivel B1) y puedes expresarte oralmente de forma sencilla y coherente sobre temas conocidos.</li><li>Nivel B: Los participantes han completado la formación con una EFZ o a nivel terciario.</li></ul><p><strong>Objetivos del curso</strong><br />Los participantes</p><ul><li>saber preparar bien las entrevistas de trabajo</li><li>puede responder bien y con seguridad a preguntas difíciles</li><li>puede explicar su carrera y la situación de desempleo de forma comprensible</li><li>conocer proveedores importantes para entrevistas en línea (Skype, Zoom, MSTeams, etc.)</li><li>han practicado estrategias para "venderse" bien</li></ul><p><strong>Duración del curso</strong><br />Nivel A: El módulo dura 3 medios días y se imparte por la mañana o por la tarde.<br />Nivel B: El módulo se imparte en 2 días, de 9.00 a 16.00 horas, con una pausa de una hora para comer.</p><p><strong>Póngase en contacto con nosotros</strong><br />Dorothea Saner Suiza<br />+41 61 339 90 02 / +41 79 322 22 54<br /><a class="bde-text-link-3517-110 bde-text-link breakdance-link" href="mailto:d.saner@contiva-berufsperspektiven.ch" target="_self" data-type="url">d.saner@contiva-berufsperspektiven.ch</a></p>
</div><div class="bde-div-4439-105 bde-div bde-preset-4d0b34c7-4d84-489f-bb13-f8ff907d8258">
  
  
	



<div class="bde-button-4439-106 bde-button">
    
                                    
    
    
    
    
            
                    
            
            

    
    
    
    
    
    <a class="breakdance-link button-atom button-atom--primary bde-button__button" href="https://www.contiva-berufsperspektiven.ch/wp-content/uploads/2026/02/Contiva-JOBWAY_Muendliche-Bewerbungskompetenz-MBK-A-ab-2026.pdf" target="_blank" data-type="url"  >

    
        <span class="button-atom__text">al anuncio del curso nivel A</span>

        
        
                </a>

    


</div>
</div><div class="bde-div-4439-107 bde-div bde-preset-4d0b34c7-4d84-489f-bb13-f8ff907d8258">
  
  
	



<div class="bde-button-4439-108 bde-button">
    
                                    
    
    
    
    
            
                    
            
            

    
    
    
    
    
    <a class="breakdance-link button-atom button-atom--primary bde-button__button" href="https://www.contiva-berufsperspektiven.ch/wp-content/uploads/2026/02/Contiva-JOBWAY_Muendliche-Bewerbungskompetenz-MBK-B-ab-2026.pdf" target="_blank" data-type="url"  >

    
        <span class="button-atom__text">al anuncio del curso nivel B</span>

        
        
                </a>

    


</div>
</div>
</div></div>
</section></div>

<p>CONTIVA Mündliche Bewerbung Mündliche Bewerbungskompetenz TeilnehmendeStellensuchende, die sich im persönlichen Auftritt unsicher fühlen und/oder die sich besser verkaufen und den Umgang mit besonders heiklen Fragen trainieren möchten.VoraussetzungenNiveau A: Sie verstehen deutsche Standardsprache und Fachbegriffe aus ihrem Berufsalltag (Niveau B1) und können sich mündlich einfach und zusammenhängend über vertraute Themen äussern.Niveau B: Die Teilnehmenden haben eine [&hellip;]</p>
