{"id":4443,"date":"2024-11-27T14:59:00","date_gmt":"2024-11-27T13:59:00","guid":{"rendered":"https:\/\/www.contiva-berufsperspektiven.ch\/?page_id=4443"},"modified":"2026-01-08T18:46:06","modified_gmt":"2026-01-08T17:46:06","slug":"aplicacion-digital","status":"publish","type":"page","link":"https:\/\/www.contiva-berufsperspektiven.ch\/es\/jobway-awa-bs\/digitale-bewerbung\/","title":{"rendered":"Aplicaci\u00f3n digital"},"content":{"rendered":"<div class='breakdance'><div class=\"bde-globalblock-4443-100 bde-globalblock\"><div class='breakdance'><section class=\"bde-section-3672-104-3672-1 bde-section no-animation bde-section-3672-104\">\n  \n  \n\t\n\n\n\n<div class=\"section-container\"><div class=\"bde-breadcrumbs-3672-106-3672-1 bde-breadcrumbs bde-breadcrumbs-3672-106\"><nav aria-label=\"pan rallado\" class=\"rank-math-breadcrumb\"><p><span class=\"last\">CONTIVA<\/span><\/p><\/nav><\/div><\/div>\n<\/section><section class=\"bde-section-3672-101-3672-1 bde-section no-animation bde-section-3672-101\">\n  \n  \n\t\n\n\n\n<div class=\"section-container\"><h1 class=\"bde-heading-3672-102-3672-1 bde-heading bde-heading-3672-102\">\nAplicaci\u00f3n digital\n<\/h1><div class=\"bde-text-3672-103-3672-1 bde-text bde-text-3672-103\">\n\n<\/div><\/div>\n<\/section><\/div><\/div><section class=\"bde-section-4443-101 bde-section bde-preset-a757da71-4efb-4b7c-ac36-4af124f53d48\">\n  \n  \n\t\n\n\n\n<div class=\"section-container\"><div class=\"bde-div-4443-102 bde-div\">\n  \n  \n\t\n\n\n\n<h3 class=\"bde-heading-4443-103 bde-heading\">\nAutomarketing digital\n<\/h3><div class=\"bde-rich-text-4443-104 bde-rich-text breakdance-rich-text-styles\">\n<p><strong>Participantes<\/strong><br \/>Demandantes de empleo que desean crear u optimizar un perfil profesional basado en su estrategia de candidatura en un canal de medios sociales.<\/p><p><strong>Requisitos previos<\/strong><br \/>Los participantes tienen un expediente de candidatura completo y han definido su estrategia de candidatura.<\/p><p><strong>Objetivos del curso<\/strong><br \/>Los participantes<\/p><ul><li>filtrar la plataforma m\u00e1s adecuada para ellos y crear su propio perfil<\/li><li>conocer los criterios de los perfiles pegadizos y el uso de palabras clave<\/li><li>utilizar su perfil digital de forma prometedora para su b\u00fasqueda de empleo<\/li><\/ul><p><strong>Duraci\u00f3n del curso<\/strong><br \/>Un total de 12 horas (3 d\u00edas de 4 horas cada uno, por la ma\u00f1ana o por la tarde)<\/p><p><strong>P\u00f3ngase en contacto con nosotros<\/strong><br \/>Dorothea Saner Suiza<br \/>+41 61 339 90 02 \/ +41 79 322 22 54<br \/><a class=\"bde-text-link-3517-110 bde-text-link breakdance-link\" href=\"mailto:d.saner@contiva-berufsperspektiven.ch\" target=\"_self\" data-type=\"url\">d.saner@contiva-berufsperspektiven.ch<\/a><\/p>\n<\/div><div class=\"bde-div-4443-105 bde-div bde-preset-4d0b34c7-4d84-489f-bb13-f8ff907d8258\">\n  \n  \n\t\n\n\n\n<div class=\"bde-button-4443-106 bde-button\">\n    \n                                    \n    \n    \n    \n    \n            \n                    \n            \n            \n\n    \n    \n    \n    \n    \n    <a class=\"breakdance-link button-atom button-atom--primary bde-button__button\" href=\"https:\/\/www.contiva-berufsperspektiven.ch\/wp-content\/uploads\/2026\/01\/Contiva-JOBWAY_Digitales-Selbstmarketing-ab-2026_29.09.2025.pdf\" target=\"_self\" data-type=\"url\"  >\n\n    \n        <span class=\"button-atom__text\">al anuncio del curso<\/span>\n\n        \n        \n                <\/a>\n\n    \n\n\n<\/div>\n<\/div>\n<\/div><\/div>\n<\/section><\/div>","protected":false},"excerpt":{"rendered":"<p>CONTIVA Digitale Bewerbung Digitales Selbstmarketing TeilnehmendeStellensuchende, die aufgrund ihrer Bewerbungsstrategie auf einem Social Media Kanal ein professionelles Profil erstellen oder optimieren m\u00f6chten.VoraussetzungenDie Teilnehmenden verf\u00fcgen \u00fcber ein komplettes Bewerbungsdossier und haben ihre Bewerbungsstrategie definiert.KurszieleDie Teilnehmendenfiltern die f\u00fcr sie geeignete Plattform heraus und richten ihr eigenes Profil einkennen die Kriterien griffiger Profile und den Einsatz von Keywordssetzen [&hellip;]<\/p>\n","protected":false},"author":34,"featured_media":0,"parent":698,"menu_order":0,"comment_status":"closed","ping_status":"closed","template":"","meta":{"_acf_changed":false,"_breakdance_hide_in_design_set":false,"_breakdance_tags":"","iawp_total_views":161,"footnotes":""},"class_list":["post-4443","page","type-page","status-publish","hentry"],"acf":[],"_links":{"self":[{"href":"https:\/\/www.contiva-berufsperspektiven.ch\/es\/wp-json\/wp\/v2\/pages\/4443","targetHints":{"allow":["GET"]}}],"collection":[{"href":"https:\/\/www.contiva-berufsperspektiven.ch\/es\/wp-json\/wp\/v2\/pages"}],"about":[{"href":"https:\/\/www.contiva-berufsperspektiven.ch\/es\/wp-json\/wp\/v2\/types\/page"}],"author":[{"embeddable":true,"href":"https:\/\/www.contiva-berufsperspektiven.ch\/es\/wp-json\/wp\/v2\/users\/34"}],"replies":[{"embeddable":true,"href":"https:\/\/www.contiva-berufsperspektiven.ch\/es\/wp-json\/wp\/v2\/comments?post=4443"}],"version-history":[{"count":13,"href":"https:\/\/www.contiva-berufsperspektiven.ch\/es\/wp-json\/wp\/v2\/pages\/4443\/revisions"}],"predecessor-version":[{"id":5180,"href":"https:\/\/www.contiva-berufsperspektiven.ch\/es\/wp-json\/wp\/v2\/pages\/4443\/revisions\/5180"}],"up":[{"embeddable":true,"href":"https:\/\/www.contiva-berufsperspektiven.ch\/es\/wp-json\/wp\/v2\/pages\/698"}],"wp:attachment":[{"href":"https:\/\/www.contiva-berufsperspektiven.ch\/es\/wp-json\/wp\/v2\/media?parent=4443"}],"curies":[{"name":"wp","href":"https:\/\/api.w.org\/{rel}","templated":true}]}}

Aplicación digital

<div class='breakdance'><div class="bde-globalblock-4443-100 bde-globalblock"><div class='breakdance'><section class="bde-section-3672-104-3672-1 bde-section no-animation bde-section-3672-104">
  
  
	



<div class="section-container"><div class="bde-breadcrumbs-3672-106-3672-1 bde-breadcrumbs bde-breadcrumbs-3672-106"><nav aria-label="pan rallado" class="rank-math-breadcrumb"><p><span class="last">CONTIVA</span></p></nav></div></div>
</section><section class="bde-section-3672-101-3672-1 bde-section no-animation bde-section-3672-101">
  
  
	



<div class="section-container"><h1 class="bde-heading-3672-102-3672-1 bde-heading bde-heading-3672-102">
Aplicación digital
</h1><div class="bde-text-3672-103-3672-1 bde-text bde-text-3672-103">

</div></div>
</section></div></div><section class="bde-section-4443-101 bde-section bde-preset-a757da71-4efb-4b7c-ac36-4af124f53d48">
  
  
	



<div class="section-container"><div class="bde-div-4443-102 bde-div">
  
  
	



<h3 class="bde-heading-4443-103 bde-heading">
Automarketing digital
</h3><div class="bde-rich-text-4443-104 bde-rich-text breakdance-rich-text-styles">
<p><strong>Participantes</strong><br />Demandantes de empleo que desean crear u optimizar un perfil profesional basado en su estrategia de candidatura en un canal de medios sociales.</p><p><strong>Requisitos previos</strong><br />Los participantes tienen un expediente de candidatura completo y han definido su estrategia de candidatura.</p><p><strong>Objetivos del curso</strong><br />Los participantes</p><ul><li>filtrar la plataforma más adecuada para ellos y crear su propio perfil</li><li>conocer los criterios de los perfiles pegadizos y el uso de palabras clave</li><li>utilizar su perfil digital de forma prometedora para su búsqueda de empleo</li></ul><p><strong>Duración del curso</strong><br />Un total de 12 horas (3 días de 4 horas cada uno, por la mañana o por la tarde)</p><p><strong>Póngase en contacto con nosotros</strong><br />Dorothea Saner Suiza<br />+41 61 339 90 02 / +41 79 322 22 54<br /><a class="bde-text-link-3517-110 bde-text-link breakdance-link" href="mailto:d.saner@contiva-berufsperspektiven.ch" target="_self" data-type="url">d.saner@contiva-berufsperspektiven.ch</a></p>
</div><div class="bde-div-4443-105 bde-div bde-preset-4d0b34c7-4d84-489f-bb13-f8ff907d8258">
  
  
	



<div class="bde-button-4443-106 bde-button">
    
                                    
    
    
    
    
            
                    
            
            

    
    
    
    
    
    <a class="breakdance-link button-atom button-atom--primary bde-button__button" href="https://www.contiva-berufsperspektiven.ch/wp-content/uploads/2026/01/Contiva-JOBWAY_Digitales-Selbstmarketing-ab-2026_29.09.2025.pdf" target="_self" data-type="url"  >

    
        <span class="button-atom__text">al anuncio del curso</span>

        
        
                </a>

    


</div>
</div>
</div></div>
</section></div>

<p>CONTIVA Digitale Bewerbung Digitales Selbstmarketing TeilnehmendeStellensuchende, die aufgrund ihrer Bewerbungsstrategie auf einem Social Media Kanal ein professionelles Profil erstellen oder optimieren möchten.VoraussetzungenDie Teilnehmenden verfügen über ein komplettes Bewerbungsdossier und haben ihre Bewerbungsstrategie definiert.KurszieleDie Teilnehmendenfiltern die für sie geeignete Plattform heraus und richten ihr eigenes Profil einkennen die Kriterien griffiger Profile und den Einsatz von Keywordssetzen [&hellip;]</p>
