{"id":4459,"date":"2024-11-27T15:13:16","date_gmt":"2024-11-27T14:13:16","guid":{"rendered":"https:\/\/www.contiva-berufsperspektiven.ch\/?page_id=4459"},"modified":"2024-12-14T16:49:10","modified_gmt":"2024-12-14T15:49:10","slug":"orientacion-laboral","status":"publish","type":"page","link":"https:\/\/www.contiva-berufsperspektiven.ch\/es\/invalidenversicherung\/job-coaching\/","title":{"rendered":"Coaching laboral"},"content":{"rendered":"<div class='breakdance'><div class=\"bde-globalblock-4459-100 bde-globalblock\"><div class='breakdance'><section class=\"bde-section-3672-104-3672-1 bde-section no-animation bde-section-3672-104\">\n  \n  \n\t\n\n\n\n<div class=\"section-container\"><div class=\"bde-breadcrumbs-3672-106-3672-1 bde-breadcrumbs bde-breadcrumbs-3672-106\"><nav aria-label=\"pan rallado\" class=\"rank-math-breadcrumb\"><p><span class=\"last\">CONTIVA<\/span><\/p><\/nav><\/div><\/div>\n<\/section><section class=\"bde-section-3672-101-3672-1 bde-section no-animation bde-section-3672-101\">\n  \n  \n\t\n\n\n\n<div class=\"section-container\"><h1 class=\"bde-heading-3672-102-3672-1 bde-heading bde-heading-3672-102\">\nCoaching laboral\n<\/h1><div class=\"bde-text-3672-103-3672-1 bde-text bde-text-3672-103\">\n\n<\/div><\/div>\n<\/section><\/div><\/div><section class=\"bde-section-4459-101 bde-section\">\n  \n  \n\t\n\n\n\n<div class=\"section-container\"><div class=\"bde-div-4459-102 bde-div\">\n  \n  \n\t\n\n\n\n<h3 class=\"bde-heading-4459-103 bde-heading\">\nCoaching laboral\n<\/h3><div class=\"bde-rich-text-4459-104 bde-rich-text breakdance-rich-text-styles\">\n<p><strong>Participantes<\/strong><br \/>asegurados IV que mantienen una relaci\u00f3n laboral.<\/p><p><strong>Requisitos previos<\/strong><\/p><ul><li>IV los asegurados tienen una relaci\u00f3n laboral.<\/li><li>Posee conocimientos m\u00ednimos de alem\u00e1n (a petici\u00f3n, tambi\u00e9n es posible el aprendizaje de los idiomas E, F e I).<\/li><li>Est\u00e1n motivados.<\/li><\/ul><p><strong>Objetivos<\/strong><br \/>Los asegurados por v\u00eda intravenosa pueden conservar su puesto de trabajo; es posible que haya que adaptarlo ligeramente. Los asegurados IV y los empresarios reciben el apoyo necesario de Contiva. Se aclara la necesidad de asistencia.<\/p><p><strong>N\u00famero de horas<\/strong><br \/>20<\/p><p><strong>Duraci\u00f3n<\/strong><br \/>3 meses<\/p><p><strong>P\u00f3ngase en contacto con nosotros<\/strong><br \/>Sabina Cannarozzo<br \/>+41 61 339 90 03<br \/>+41 79 627 51 82<br \/><a href=\"mailto:s.cannarozzo@contiva-berufsperspektiven.ch\">s.cannarozzo@contiva-berufsperspektiven.ch<\/a><\/p>\n<\/div>\n<\/div><\/div>\n<\/section><\/div>","protected":false},"excerpt":{"rendered":"<p>CONTIVA Job Coaching Job Coaching TeilnehmendeIV-Versicherte, die ein Arbeitsverh\u00e4ltnis haben.VoraussetzungenDie IV-Versicherten haben ein Arbeitsverh\u00e4ltnis.Sie verf\u00fcgen \u00fcber minimale Deutschkenntnisse (auf Anfrage Coaching auch in E, F und I m\u00f6glich).Sie sind motiviert.ZieleDie IV-Versicherten k\u00f6nnen ihren Job behalten; eventuell muss er leicht angepasst werden. IV-Versicherte und und Arbeitgeber werden bedarfsgerecht durch Contiva unterst\u00fctzt. Der Hilfsmittelbedarf ist gekl\u00e4rt.Anzahl Stunden20Dauer3 [&hellip;]<\/p>\n","protected":false},"author":34,"featured_media":0,"parent":892,"menu_order":0,"comment_status":"closed","ping_status":"closed","template":"","meta":{"_acf_changed":false,"_breakdance_hide_in_design_set":false,"_breakdance_tags":"","iawp_total_views":192,"footnotes":""},"class_list":["post-4459","page","type-page","status-publish","hentry"],"acf":[],"_links":{"self":[{"href":"https:\/\/www.contiva-berufsperspektiven.ch\/es\/wp-json\/wp\/v2\/pages\/4459","targetHints":{"allow":["GET"]}}],"collection":[{"href":"https:\/\/www.contiva-berufsperspektiven.ch\/es\/wp-json\/wp\/v2\/pages"}],"about":[{"href":"https:\/\/www.contiva-berufsperspektiven.ch\/es\/wp-json\/wp\/v2\/types\/page"}],"author":[{"embeddable":true,"href":"https:\/\/www.contiva-berufsperspektiven.ch\/es\/wp-json\/wp\/v2\/users\/34"}],"replies":[{"embeddable":true,"href":"https:\/\/www.contiva-berufsperspektiven.ch\/es\/wp-json\/wp\/v2\/comments?post=4459"}],"version-history":[{"count":4,"href":"https:\/\/www.contiva-berufsperspektiven.ch\/es\/wp-json\/wp\/v2\/pages\/4459\/revisions"}],"predecessor-version":[{"id":4702,"href":"https:\/\/www.contiva-berufsperspektiven.ch\/es\/wp-json\/wp\/v2\/pages\/4459\/revisions\/4702"}],"up":[{"embeddable":true,"href":"https:\/\/www.contiva-berufsperspektiven.ch\/es\/wp-json\/wp\/v2\/pages\/892"}],"wp:attachment":[{"href":"https:\/\/www.contiva-berufsperspektiven.ch\/es\/wp-json\/wp\/v2\/media?parent=4459"}],"curies":[{"name":"wp","href":"https:\/\/api.w.org\/{rel}","templated":true}]}}

<div class='breakdance'><div class="bde-globalblock-4459-100 bde-globalblock"><div class='breakdance'><section class="bde-section-3672-104-3672-1 bde-section no-animation bde-section-3672-104">
  
  
	



<div class="section-container"><div class="bde-breadcrumbs-3672-106-3672-1 bde-breadcrumbs bde-breadcrumbs-3672-106"><nav aria-label="pan rallado" class="rank-math-breadcrumb"><p><span class="last">CONTIVA</span></p></nav></div></div>
</section><section class="bde-section-3672-101-3672-1 bde-section no-animation bde-section-3672-101">
  
  
	



<div class="section-container"><h1 class="bde-heading-3672-102-3672-1 bde-heading bde-heading-3672-102">
Coaching laboral
</h1><div class="bde-text-3672-103-3672-1 bde-text bde-text-3672-103">

</div></div>
</section></div></div><section class="bde-section-4459-101 bde-section">
  
  
	



<div class="section-container"><div class="bde-div-4459-102 bde-div">
  
  
	



<h3 class="bde-heading-4459-103 bde-heading">
Coaching laboral
</h3><div class="bde-rich-text-4459-104 bde-rich-text breakdance-rich-text-styles">
<p><strong>Participantes</strong><br />asegurados IV que mantienen una relación laboral.</p><p><strong>Requisitos previos</strong></p><ul><li>IV los asegurados tienen una relación laboral.</li><li>Posee conocimientos mínimos de alemán (a petición, también es posible el aprendizaje de los idiomas E, F e I).</li><li>Están motivados.</li></ul><p><strong>Objetivos</strong><br />Los asegurados por vía intravenosa pueden conservar su puesto de trabajo; es posible que haya que adaptarlo ligeramente. Los asegurados IV y los empresarios reciben el apoyo necesario de Contiva. Se aclara la necesidad de asistencia.</p><p><strong>Número de horas</strong><br />20</p><p><strong>Duración</strong><br />3 meses</p><p><strong>Póngase en contacto con nosotros</strong><br />Sabina Cannarozzo<br />+41 61 339 90 03<br />+41 79 627 51 82<br /><a href="mailto:s.cannarozzo@contiva-berufsperspektiven.ch">s.cannarozzo@contiva-berufsperspektiven.ch</a></p>
</div>
</div></div>
</section></div>

<p>CONTIVA Job Coaching Job Coaching TeilnehmendeIV-Versicherte, die ein Arbeitsverhältnis haben.VoraussetzungenDie IV-Versicherten haben ein Arbeitsverhältnis.Sie verfügen über minimale Deutschkenntnisse (auf Anfrage Coaching auch in E, F und I möglich).Sie sind motiviert.ZieleDie IV-Versicherten können ihren Job behalten; eventuell muss er leicht angepasst werden. IV-Versicherte und und Arbeitgeber werden bedarfsgerecht durch Contiva unterstützt. Der Hilfsmittelbedarf ist geklärt.Anzahl Stunden20Dauer3 [&hellip;]</p>
