{"id":5103,"date":"2025-12-11T15:43:50","date_gmt":"2025-12-11T14:43:50","guid":{"rendered":"https:\/\/www.contiva-berufsperspektiven.ch\/?page_id=5103"},"modified":"2025-12-11T17:11:01","modified_gmt":"2025-12-11T16:11:01","slug":"taller-de-aplicaciones-beso","status":"publish","type":"page","link":"https:\/\/www.contiva-berufsperspektiven.ch\/es\/kiga-bl\/bewerbungswerkstatt-kiss\/","title":{"rendered":"Taller de aplicaci\u00f3n de KISS (BW KISS)"},"content":{"rendered":"<div class='breakdance'><div class=\"bde-globalblock-5103-100 bde-globalblock\"><div class='breakdance'><section class=\"bde-section-3672-104-3672-1 bde-section no-animation bde-section-3672-104\">\n  \n  \n\t\n\n\n\n<div class=\"section-container\"><div class=\"bde-breadcrumbs-3672-106-3672-1 bde-breadcrumbs bde-breadcrumbs-3672-106\"><nav aria-label=\"pan rallado\" class=\"rank-math-breadcrumb\"><p><span class=\"last\">CONTIVA<\/span><\/p><\/nav><\/div><\/div>\n<\/section><section class=\"bde-section-3672-101-3672-1 bde-section no-animation bde-section-3672-101\">\n  \n  \n\t\n\n\n\n<div class=\"section-container\"><h1 class=\"bde-heading-3672-102-3672-1 bde-heading bde-heading-3672-102\">\nTaller de aplicaci\u00f3n de KISS (BW KISS)\n<\/h1><div class=\"bde-text-3672-103-3672-1 bde-text bde-text-3672-103\">\n\n<\/div><\/div>\n<\/section><\/div><\/div><section class=\"bde-section-5103-101 bde-section bde-preset-a757da71-4efb-4b7c-ac36-4af124f53d48\">\n  \n  \n\t\n\n\n\n<div class=\"section-container\"><div class=\"bde-div-5103-102 bde-div\">\n  \n  \n\t\n\n\n\n<h3 class=\"bde-heading-5103-103 bde-heading\">\nBW KISS\n<\/h3><div class=\"bde-rich-text-5103-104 bde-rich-text breakdance-rich-text-styles\">\n<p><strong>Participantes<\/strong><\/p><ul><li>Personas a las que les resulta dif\u00edcil presentar una solicitud de forma aut\u00f3noma y digital despu\u00e9s de los cursos de solicitud<\/li><li>Participantes de lengua extranjera, especialmente los que trabajan exclusivamente con smartphones<\/li><\/ul><p><strong>Requisitos previos<\/strong><\/p><ul><li>Demandantes de empleo con conocimientos de alem\u00e1n a partir del nivel A1<\/li><li>Para las personas que no dominan el alem\u00e1n: tutor\u00eda individual separada con asistencia de traducci\u00f3n digital.<\/li><\/ul><p><strong>Objetivos del curso<\/strong><\/p><ul><li>Desarrollo de competencias b\u00e1sicas en aplicaciones digitales<\/li><li>Fomento de la independencia a lo largo de todo el proceso de solicitud<\/li><li>Manejo seguro del correo electr\u00f3nico, PDF, nube, portales de empleo y herramientas digitales.<\/li><li>Creaci\u00f3n, env\u00edo y documentaci\u00f3n de aplicaciones en su propio dispositivo y en los PC de Contiva durante el taller<\/li><li>Reforzar la confianza en uno mismo y la responsabilidad personal<\/li><\/ul><p><strong>Duraci\u00f3n del curso<\/strong><\/p><ul><li>Variable, m\u00ednimo 1,5 horas por semana hasta un m\u00e1ximo de 6 horas (es decir, 4 veces 1,5 horas) por semana.<\/li><li>3 variantes:<ul><li>A: 1\u00d7 90 min\/semana<\/li><li>B: 2\u00d7 90 min\/semana<\/li><li>C: 4\u00d7 90 min\/semana<\/li><\/ul><\/li><\/ul><p><strong>P\u00f3ngase en contacto con nosotros<\/strong><br \/>Dorothea Saner Suiza<br \/>+ 41 61 339 90 02 \/ +41 79 322 22 54\u00a0<br \/><a href=\"mailto:d.saner@contiva-berufsperspektiven.ch\">d.saner@contiva-berufsperspektiven.ch<\/a><\/p>\n<\/div><div class=\"bde-div-5103-105 bde-div bde-preset-4d0b34c7-4d84-489f-bb13-f8ff907d8258\">\n  \n  \n\t\n\n\n\n<div class=\"bde-button-5103-106 bde-button\">\n    \n                                    \n    \n    \n    \n    \n            \n                    \n            \n            \n\n    \n    \n    \n    \n    \n    <a class=\"breakdance-link button-atom button-atom--primary bde-button__button\" href=\"https:\/\/www.contiva-berufsperspektiven.ch\/wp-content\/uploads\/2025\/01\/Contiva-JOBWAY_Bewerbungswerkstatt-ab-2025.pdf\" target=\"_blank\" data-type=\"url\"  >\n\n    \n        <span class=\"button-atom__text\">al anuncio del curso<\/span>\n\n        \n        \n                <\/a>\n\n    \n\n\n<\/div>\n<\/div>\n<\/div><\/div>\n<\/section><\/div>","protected":false},"excerpt":{"rendered":"<p>CONTIVA Bewerbungswerkstatt KISS (BW KISS) BW KISS TeilnehmendePersonen, die nach Bewerbungskursen M\u00fche haben, sich selbstst\u00e4ndig und digital zu bewerbenfremdsprachige Teilnehmende, insbesondere solche, die ausschliesslich mit dem Smartphone arbeitenVoraussetzungenStellensuchende mit Deutschkenntnissen ab Niveau A1f\u00fcr Personen ohne Deutschkenntnisse: separates Einzelcoaching mit digitaler \u00dcbersetzungshilfeKurszieleAufbau grundlegender digitaler BewerbungskompetenzenF\u00f6rderung der Selbstst\u00e4ndigkeit im gesamten BewerbungsprozessSicherer Umgang mit E-Mail, PDF, Cloud, Jobportalen [&hellip;]<\/p>\n","protected":false},"author":33,"featured_media":0,"parent":879,"menu_order":0,"comment_status":"closed","ping_status":"closed","template":"","meta":{"_acf_changed":false,"_breakdance_hide_in_design_set":false,"_breakdance_tags":"","iawp_total_views":48,"footnotes":""},"class_list":["post-5103","page","type-page","status-publish","hentry"],"acf":[],"_links":{"self":[{"href":"https:\/\/www.contiva-berufsperspektiven.ch\/es\/wp-json\/wp\/v2\/pages\/5103","targetHints":{"allow":["GET"]}}],"collection":[{"href":"https:\/\/www.contiva-berufsperspektiven.ch\/es\/wp-json\/wp\/v2\/pages"}],"about":[{"href":"https:\/\/www.contiva-berufsperspektiven.ch\/es\/wp-json\/wp\/v2\/types\/page"}],"author":[{"embeddable":true,"href":"https:\/\/www.contiva-berufsperspektiven.ch\/es\/wp-json\/wp\/v2\/users\/33"}],"replies":[{"embeddable":true,"href":"https:\/\/www.contiva-berufsperspektiven.ch\/es\/wp-json\/wp\/v2\/comments?post=5103"}],"version-history":[{"count":4,"href":"https:\/\/www.contiva-berufsperspektiven.ch\/es\/wp-json\/wp\/v2\/pages\/5103\/revisions"}],"predecessor-version":[{"id":5113,"href":"https:\/\/www.contiva-berufsperspektiven.ch\/es\/wp-json\/wp\/v2\/pages\/5103\/revisions\/5113"}],"up":[{"embeddable":true,"href":"https:\/\/www.contiva-berufsperspektiven.ch\/es\/wp-json\/wp\/v2\/pages\/879"}],"wp:attachment":[{"href":"https:\/\/www.contiva-berufsperspektiven.ch\/es\/wp-json\/wp\/v2\/media?parent=5103"}],"curies":[{"name":"wp","href":"https:\/\/api.w.org\/{rel}","templated":true}]}}

Taller de aplicación de KISS (BW KISS)

<div class='breakdance'><div class="bde-globalblock-5103-100 bde-globalblock"><div class='breakdance'><section class="bde-section-3672-104-3672-1 bde-section no-animation bde-section-3672-104">
  
  
	



<div class="section-container"><div class="bde-breadcrumbs-3672-106-3672-1 bde-breadcrumbs bde-breadcrumbs-3672-106"><nav aria-label="pan rallado" class="rank-math-breadcrumb"><p><span class="last">CONTIVA</span></p></nav></div></div>
</section><section class="bde-section-3672-101-3672-1 bde-section no-animation bde-section-3672-101">
  
  
	



<div class="section-container"><h1 class="bde-heading-3672-102-3672-1 bde-heading bde-heading-3672-102">
Taller de aplicación de KISS (BW KISS)
</h1><div class="bde-text-3672-103-3672-1 bde-text bde-text-3672-103">

</div></div>
</section></div></div><section class="bde-section-5103-101 bde-section bde-preset-a757da71-4efb-4b7c-ac36-4af124f53d48">
  
  
	



<div class="section-container"><div class="bde-div-5103-102 bde-div">
  
  
	



<h3 class="bde-heading-5103-103 bde-heading">
BW KISS
</h3><div class="bde-rich-text-5103-104 bde-rich-text breakdance-rich-text-styles">
<p><strong>Participantes</strong></p><ul><li>Personas a las que les resulta difícil presentar una solicitud de forma autónoma y digital después de los cursos de solicitud</li><li>Participantes de lengua extranjera, especialmente los que trabajan exclusivamente con smartphones</li></ul><p><strong>Requisitos previos</strong></p><ul><li>Demandantes de empleo con conocimientos de alemán a partir del nivel A1</li><li>Para las personas que no dominan el alemán: tutoría individual separada con asistencia de traducción digital.</li></ul><p><strong>Objetivos del curso</strong></p><ul><li>Desarrollo de competencias básicas en aplicaciones digitales</li><li>Fomento de la independencia a lo largo de todo el proceso de solicitud</li><li>Manejo seguro del correo electrónico, PDF, nube, portales de empleo y herramientas digitales.</li><li>Creación, envío y documentación de aplicaciones en su propio dispositivo y en los PC de Contiva durante el taller</li><li>Reforzar la confianza en uno mismo y la responsabilidad personal</li></ul><p><strong>Duración del curso</strong></p><ul><li>Variable, mínimo 1,5 horas por semana hasta un máximo de 6 horas (es decir, 4 veces 1,5 horas) por semana.</li><li>3 variantes:<ul><li>A: 1× 90 min/semana</li><li>B: 2× 90 min/semana</li><li>C: 4× 90 min/semana</li></ul></li></ul><p><strong>Póngase en contacto con nosotros</strong><br />Dorothea Saner Suiza<br />+ 41 61 339 90 02 / +41 79 322 22 54 <br /><a href="mailto:d.saner@contiva-berufsperspektiven.ch">d.saner@contiva-berufsperspektiven.ch</a></p>
</div><div class="bde-div-5103-105 bde-div bde-preset-4d0b34c7-4d84-489f-bb13-f8ff907d8258">
  
  
	



<div class="bde-button-5103-106 bde-button">
    
                                    
    
    
    
    
            
                    
            
            

    
    
    
    
    
    <a class="breakdance-link button-atom button-atom--primary bde-button__button" href="https://www.contiva-berufsperspektiven.ch/wp-content/uploads/2025/01/Contiva-JOBWAY_Bewerbungswerkstatt-ab-2025.pdf" target="_blank" data-type="url"  >

    
        <span class="button-atom__text">al anuncio del curso</span>

        
        
                </a>

    


</div>
</div>
</div></div>
</section></div>

<p>CONTIVA Bewerbungswerkstatt KISS (BW KISS) BW KISS TeilnehmendePersonen, die nach Bewerbungskursen Mühe haben, sich selbstständig und digital zu bewerbenfremdsprachige Teilnehmende, insbesondere solche, die ausschliesslich mit dem Smartphone arbeitenVoraussetzungenStellensuchende mit Deutschkenntnissen ab Niveau A1für Personen ohne Deutschkenntnisse: separates Einzelcoaching mit digitaler ÜbersetzungshilfeKurszieleAufbau grundlegender digitaler BewerbungskompetenzenFörderung der Selbstständigkeit im gesamten BewerbungsprozessSicherer Umgang mit E-Mail, PDF, Cloud, Jobportalen [&hellip;]</p>
